תחנת מזג-אוויר עדכנית בי-ם   גובה 775 מ'   א 20:48 26/05/19
אודות














מרגיש כמו 18.9
19.8°c
19.8°c  בהר
28.3
 גבוה 14:49
17.2
 נמוך 06:13
18 דק':
0.1
°c
24 שע' hour half hour
0.2
1.3
0.3
19.8°c  בעמק
29.7
 גבוה 14:47
17.6
 נמוך 06:03
18 דק':
0.3
°c
24 שע' hour half hour
0.3
1.5
0.6
--°c  בכביש
15.1
 גבוה 00:00
15.1
 נמוך 00:00
24 שע' hour half hour
0.0
15.1
15.1
67 גבוה 20:15     17 נמוך 09:11
18 דק': 0%
24 שע' hour half hour
5
3
0
13.3 גבוה 19:21     -3.9 נמוך 08:58
24 שע' hour half hour
1.6
1.2
1
1,013.1 גבוה 07:58   1,010.3 נמוך 18:10
24 שע' half hour quarter hour
0.2
0.3
0.1
24.1 גבוה 15:30
10 דק' ממוצע: 5 קמש
hour half hour quarter hour
3
1
2
1046 גבוה 14:34
9.5 שעות שמש עד עכשיו
זריחה: 05:36   שקיעה: 19:36
24 שע' half hour quarter hour
0
0
0
 זריחה:
 שקיעה:
9.4 גבוה 12:37
24 שע' half hour quarter hour
0
0
0
אבק
24±23 µg/m3 (PM10)
13±4 µg/m3 (PM2.5)
PM10 - מעל 130 לא בריא. מעל 300 לא מומלץ לעשות פעילות גופנית
PM2.5 - מעל 38 לא בריא. מעל 100 לא מומלץ לעשות פעילות גופנית
24 שע' 24 שע' half hour
11
3
4
כדאי לפתוח חלון
בפנים: 26.1
בחוץ: 19.8
המטרה של הדף הזה היא למזג את הבית כך שייתקרב כמה שיותר לתחושה הנוחה ביותר לנו.
זה כמובן אינדיבידואלי, לכן צריך לעשות כמה הנחות. ההנחה היא שהטמפרטורה האידיאלית בבית היא: 22
איך ההרגשה עכשיו עם הטמפרטורה הנוכחית?
מהי העונה החביבה עליך?


                   MONTHLY CLIMATOLOGICAL SUMMARY for MAY. 2019

NAME: Boaz Nechemia's Vantage Pro   CITY: Jerusalem   STATE: Israel 
ELEV:   745 m  LAT:  31 46' 09" N  LONG:  35 12' 07" E

                   TEMPERATURE (C), RAIN  (mm), WIND SPEED (km/hr)

                                      HEAT  COOL        AVG
    MEAN                              DEG   DEG         WIND                 DOM
DAY TEMP  HIGH   TIME   LOW    TIME   DAYS  DAYS  RAIN  SPEED HIGH   TIME    DIR
------------------------------------------------------------------------------------
 1  23.8  29.8   16:00  16.7    5:30   0.0   1.3   0.0   2.6  17.7   15:20    SE
 2  24.2  28.6   16:40  21.1   22:10   0.0   0.6   0.0   7.2  37.0   13:30     W
 3  18.2  21.4    9:40  12.3   00:00   0.2   0.0   0.0  10.9  46.7   16:00    NW
 4  16.3  23.4   15:30  10.6    6:10   1.0   0.0   0.0   5.3  32.2    1:10     N
 5  21.9  30.8   16:30  13.6    5:40   0.1   1.1   0.0   3.4  25.7    9:00    SE
 6  24.4  34.3   13:00  17.3   23:00   0.0   1.6   0.0   8.2  40.2   18:10    SE
 7  15.8  20.1    0:20  12.3   23:30   0.3   0.0   0.0  16.3  46.7   16:10    NW
 8  14.3  19.2   14:10  11.2    6:00   1.4   0.0   0.0  11.1  32.2   18:20    NW
 9  13.4  17.5   12:50  10.9    2:00   1.6   0.0   0.0  10.5  37.0   19:40    NW
10  14.3  20.2   14:50  10.0    5:00   1.6   0.0   0.0   6.4  24.1   16:40   NNW
11  18.1  26.0   14:30   9.6    6:10   1.0   0.0   0.0   4.2  25.7   15:00   NNW
12  22.9  29.0   14:20  16.0    5:40   0.0   0.9   0.0   6.0  30.6   19:00     N
13  25.1  31.2   15:20  17.5    5:30   0.0   1.8   0.0   6.3  29.0   17:40     N
14  25.8  33.4   14:40  18.8    3:20   0.0   2.6   0.0   4.3  25.7   18:00     N
15  27.6  34.7   13:20  22.8    0:30   0.0   2.8   0.0   6.9  25.7   15:10   NNE
16  27.4  34.2   15:00  21.4    6:30   0.0   3.0   0.0   5.1  29.0   18:40     N
17  23.9  33.0   11:30  15.4   00:00   0.0   1.6   0.0  10.6  46.7   18:00   WNW
18  20.8  26.5   15:40  13.4    6:20   0.1   0.2   0.0   7.4  32.2   17:40   WNW
19  20.5  26.1   14:30  15.5    6:30   0.0   0.0   0.0   8.2  29.0   16:00   NNW
20  22.3  28.2   14:00  17.2    1:50   0.0   0.5   0.0   7.7  32.2   22:10     N
21  26.7  33.2   14:10  20.2    6:20   0.0   2.6   0.0   6.3  27.4    0:40     N
22  29.2  35.2   14:10  21.5    6:00   0.0   4.5   0.0   4.7  24.1   15:00   NNE
23  30.7  37.2   15:50  23.8    5:40   0.0   5.8   0.0   3.9  32.2   13:30    SE
24  30.7  38.8   13:30  22.3   00:00   0.0   5.9   0.0   7.7  38.6   13:30    NW
25  23.2  29.2   14:10  18.3    6:10   0.0   0.9   0.0   6.6  27.4   18:40    NW
26  22.8  29.7   14:50  17.6    6:20   0.0   0.8   0.0   6.6  24.1   15:30     N
27
28
29
30
31
-------------------------------------------------------------------------------------
    22.5  38.8    24     9.6    11     7.4  38.5   0.0   7.1  46.7     3      NW

Max >=  32.0:  9
Max <=   0.0:  0
Min <=   0.0:  0
Min <= -18.0:  0
Max Rain: 0.00 ON 01/05/19
Days of Rain: 0 (> .2 mm) 0 (> 2 mm) 0 (> 20 mm)
Heat Base:  14.5  Cool Base:  25.0  Method: Integration
אימייל:
סיסמה:
אייקון:
 
 
 
 
 
 
 
 
 
 
 
 
 
 
 
 
 
 
 
 
 
 
 
שם לתצוגה:
שם רשמי:
קבלו התראות באימייל
מדד קור מותאם אישית(?)מדד הקור יוצג בהתאם להצבעות שלך בלבד



   זכור אותי

שכחתי סיסמה ››
אימייל: