תחנת מזג-אוויר עדכנית בי-ם   גובה 775 מ'   ש 8:46 19/01/19
אודות













מרגיש כמו 10.4 צל/שמש 7.9
8.4°c
8.4°c  בהר
8.4
 גבוה 08:44
4.7
 נמוך 05:48
16 דק':
0.3°c
24 שעות hour half hour
0.6
1.6
1.1
7.9°c  בעמק
7.9
 גבוה 08:41
3.8
 נמוך 05:27
16 דק':
0.1°c
24 שעות hour half hour
0.7
1.5
0.6
8.7°c  בכביש
8.7
 גבוה 08:44
2.7
 נמוך 04:13
24 שעות hour half hour
1.7
5.0
4.0
93 גבוה 05:38     80 נמוך 08:43
16 דק':
2%
24 שעות hour half hour
15
12
6
4.1 גבוה 08:44     2.1 נמוך 06:55
24 שעות hour half hour
2.5
0.8
0.5
1,017.2 גבוה 00:00   1,015.9 נמוך 04:09
24 שעות half hour quarter hour
0.3
0.2
0.1
14.4 גבוה 08:37
10 דק' ממוצע: 4 קמש
hour half hour quarter hour
3
4
5
338 גבוה 08:45
24 שעות half hour quarter hour
85
95
27
1.4 גבוה 08:45
24 שעות half hour quarter hour
0.4
0.5
0.2
אבק
13±6 µg/m3 (PM10)
7±3 µg/m3 (PM2.5)
PM10 - מעל 130 לא בריא. מעל 300 לא מומלץ לעשות פעילות גופנית
PM2.5 - מעל 38 לא בריא. מעל 100 לא מומלץ לעשות פעילות גופנית
PM2.5 מסוכן יותר
24 שעות 24 שעות half hour
7
5
1
כדאי לסגור חלון
בפנים: 17.3
בחוץ: 8.4
המטרה של הדף הזה היא למזג את הבית כך שייתקרב כמה שיותר לתחושה הנוחה ביותר לנו.
זה כמובן אינדיבידואלי, לכן צריך לעשות כמה הנחות. ההנחה היא שהטמפרטורה האידיאלית בבית היא: 22
איך ההרגשה עכשיו עם הטמפרטורה הנוכחית?
מהי העונה החביבה עליך?
  • מדד הקור
  • העונה הכי טובה


                   MONTHLY CLIMATOLOGICAL SUMMARY for JAN. 2019

NAME: Boaz Nechemia's Vantage Pro   CITY: Jerusalem   STATE: Israel 
ELEV:   745 m  LAT:  31 46' 09" N  LONG:  35 12' 07" E

                   TEMPERATURE (C), RAIN  (mm), WIND SPEED (km/hr)

                                      HEAT  COOL        AVG
    MEAN                              DEG   DEG         WIND                 DOM
DAY TEMP  HIGH   TIME   LOW    TIME   DAYS  DAYS  RAIN  SPEED HIGH   TIME    DIR
------------------------------------------------------------------------------------
 1  10.6  15.1   13:10   7.4   23:20   4.0   0.0   0.0   3.7  20.9   14:10   ESE
 2   9.6  13.1   11:00   6.2    3:50   4.9   0.0   0.0   5.8  41.8   19:20   WSW
 3   9.6  12.6   14:10   7.6    5:50   4.9   0.0   0.0  10.5  41.8    9:50   WSW
 4  10.6  15.9   13:20   6.3    6:30   4.0   0.0   0.0   2.3  14.5   11:50     W
 5   9.6  12.6   14:50   7.3   22:30   4.9   0.0   0.0   7.1  27.4   11:50    NW
 6   7.4   9.7   12:20   3.8   23:00   7.1   0.0   8.4  19.6  64.4   11:20     W
 7   7.3   9.9   15:00   4.2    0:10   7.2   0.0   0.0  16.1  48.3    1:00   WSW
 8   8.4  10.7   15:00   5.4   23:20   6.1   0.0   9.8  19.3  70.8   22:30     W
 9   5.2   6.2   21:10   4.0    6:20   9.3   0.0  24.0  11.1  66.0    0:20     W
10   7.7  11.5   15:40   4.4    6:00   6.8   0.0   0.4   3.9  27.4   13:10   ESE
11   9.4  14.4   16:00   4.8    6:30   5.1   0.0   0.0   3.2  20.9   19:40   ESE
12  11.4  16.3   14:30   5.4    6:40   3.3   0.0   0.0   1.9  14.5   11:20    SE
13  10.6  13.5    0:30   8.1   23:00   4.0   0.0   0.0  19.2  61.2   13:00     W
14   8.6   9.7   14:00   7.1    6:40   6.0   0.0   0.6  15.1  56.3    3:10     W
15   9.8  13.2   14:40   7.4    6:50   4.6   0.0   0.0  11.4  33.8    2:40     W
16   7.2  10.8   12:10   1.6   21:20   7.3   0.0  20.4  20.3  70.8   12:10   WSW
17   6.8   9.5   15:40   2.8    0:20   7.7   0.0  15.0  18.5  51.5    2:50   WNW
18   8.4  11.8   13:00   5.3   00:00   6.1   0.0   0.6   6.1  24.1    0:10    NW
19   4.9   7.8    8:40   3.8    5:30   3.5   0.0   0.2   1.0  12.9    7:50   ESE
20
21
22
23
24
25
26
27
28
29
30
31
-------------------------------------------------------------------------------------
     8.6  16.3    12     1.6    16   106.7   0.0  79.5  10.3  70.8     8       W

Max >=  32.0:  0
Max <=   0.0:  0
Min <=   0.0:  0
Min <= -18.0:  0
Max Rain: 24.00 ON 09/01/19
Days of Rain: 9 (> .2 mm) 5 (> 2 mm) 2 (> 20 mm)
Heat Base:  14.5  Cool Base:  25.0  Method: Integration
אימייל:
סיסמה:
אייקון:
 
 
 
 
 
 
 
 
 
 
 
 
 
 
 
 
 
 
 
 
 
 
 
שם לתצוגה:
שם רשמי:
קבלו התראות באימייל
מדד קור מותאם אישית(?)מדד הקור יוצג בהתאם להצבעות שלך בלבד



   זכור אותי

שכחתי סיסמה ››
אימייל: