תחנת מזג-אוויר עדכנית בי-ם   גובה 775 מ'   ו 19:55 19/07/19
אודות














מרגיש כמו 22.4 בצל/שמש 22.2
22.7
°
C
22.7
°
C  בהר
27.8
 גבוה 14:12
18.8
 נמוך 06:22
15 דק':
0.1
C
24 שע' hour half hour
0.0
1.4
0.6
23.0
°
C  בעמק
29.1
 גבוה 14:16
19.1
 נמוך 06:25
15 דק':
0.2
C
24 שע' hour half hour
0.0
1.7
0.7
26.2C  בכביש
32.6
 גבוה 14:11
23.3
 נמוך 06:33
24 שע' hour half hour
0.4
1
0.1
94 גבוה 04:53     47 נמוך 13:39
15 דק':
1%
24 שע' hour half hour
2
7
3
18.1 גבוה 00:03     14.9 נמוך 11:58
24 שע' hour half hour
0.9
0.2
0.2
1,010.4 גבוה 10:59   1,008.4 נמוך 02:24
24 שע' half hour quarter hour
0.4
0.2
0.1
30.6 גבוה 17:35
10 דק' ממוצע: 10 קמש
hour half hour quarter hour
3
12
3
1083 גבוה 12:59
9.7 שעות שמש עד עכשיו
זריחה: 05:47   שקיעה: 19:44
24 שע' half hour quarter hour
0
14
0
 זריחה:
 שקיעה:
10.3 גבוה 12:36
24 שע' half hour quarter hour
0
0
0
אבק
34
±9 µg/m3 (PM10)

18
±2 µg/m3 (PM2.5)
PM10 - מעל 130 לא בריא. מעל 300 לא מומלץ לעשות פעילות גופנית
PM2.5 - מעל 38 לא בריא. מעל 100 לא מומלץ לעשות פעילות גופנית
24 שע' 24 שע' half hour
42
7
6
כדאי לפתוח חלון
בפנים: 26.2
בחוץ: 22.7
המטרה של הדף הזה היא למזג את הבית כך שייתקרב כמה שיותר לתחושה הנוחה ביותר לנו.
זה כמובן אינדיבידואלי, לכן צריך לעשות כמה הנחות. ההנחה היא שהטמפרטורה האידיאלית בבית היא: 22
איך ההרגשה עכשיו עם הטמפרטורה הנוכחית?
מהי העונה החביבה עליך?


                   MONTHLY CLIMATOLOGICAL SUMMARY for JUL. 2019

NAME: Boaz Nechemia's Vantage Pro   CITY: Jerusalem   STATE: Israel 
ELEV:   745 m  LAT:  31 46' 09" N  LONG:  35 12' 07" E

                   TEMPERATURE (C), RAIN  (mm), WIND SPEED (km/hr)

                                      HEAT  COOL        AVG
    MEAN                              DEG   DEG         WIND                 DOM
DAY TEMP  HIGH   TIME   LOW    TIME   DAYS  DAYS  RAIN  SPEED HIGH   TIME    DIR
------------------------------------------------------------------------------------
 1  25.0  30.6   13:20  20.8    5:20   0.0   1.5   0.0   9.3  33.8   15:50   NNW
 2  24.3  28.8   15:20  20.0    6:10   0.0   1.0   0.0  10.3  35.4   13:30     N
 3  23.2  28.7   15:00  18.9    5:40   0.0   0.8   0.0   9.0  37.0   17:40    NW
 4  24.1  30.9   14:40  17.7    5:50   0.0   1.6   0.0   6.4  25.7   15:10     N
 5  23.3  28.9   14:40  18.2    5:40   0.0   1.1   0.0   9.3  29.0   15:40    NW
 6  25.1  30.7   14:20  19.0    1:00   0.0   1.5   0.0   9.8  30.6   16:00   NNW
 7  24.9  30.4   13:10  20.9    5:00   0.0   1.3   0.0   8.2  32.2   15:20    NW
 8  24.1  29.9   13:50  19.8    6:00   0.0   1.2   0.0   9.2  32.2   18:20    NW
 9  25.0  30.9   14:00  20.2    6:20   0.0   1.5   0.0   9.3  32.2   15:30    NW
10  26.1  32.8   14:50  20.1    6:10   0.0   2.3   0.0   7.1  27.4   15:30    NW
11  27.7  32.5   14:10  22.1    5:40   0.0   3.0   0.0   8.4  32.2   15:20    NW
12  26.8  32.2   13:00  21.3   23:50   0.0   2.6   0.0  11.9  40.2   16:40    NW
13  23.1  28.2   14:20  19.6   23:40   0.0   0.5   0.0  12.4  38.6   17:30   WNW
14  23.2  29.9   14:20  18.4    6:00   0.0   1.1   0.0   8.4  29.0   14:30    NW
15  22.9  28.7   15:10  19.0    3:50   0.0   0.7   0.0   9.5  30.6   14:00    NW
16  24.6  30.4   16:10  19.5    5:50   0.0   1.5   0.0   5.8  25.7    5:00    NW
17  28.8  36.1   13:40  22.5   23:50   0.0   4.2   0.0  10.6  57.9   13:10   WNW
18  24.4  29.0   12:50  20.7   23:40   0.0   1.0   0.0  12.1  45.1   17:00    NW
19  23.6  29.1   14:20  19.1    6:30   0.0   0.8   0.0  10.5  29.0   17:40    NW
20
21
22
23
24
25
26
27
28
29
30
31
-------------------------------------------------------------------------------------
    24.8  36.1    17    17.7     4     0.0  29.1   0.0   9.3  57.9    17      NW

Max >=  32.0:  4
Max <=   0.0:  0
Min <=   0.0:  0
Min <= -18.0:  0
Max Rain: 0.00 ON 01/07/19
Days of Rain: 0 (> .2 mm) 0 (> 2 mm) 0 (> 20 mm)
Heat Base:  14.5  Cool Base:  25.0  Method: Integration
אימייל:
סיסמה:
אייקון:
 
 
 
 
 
 
 
 
 
 
 
 
 
 
 
 
 
 
 
 
 
 
 
שם לתצוגה:
שם רשמי:
קבלו התראות באימייל
מדד קור מותאם אישית(?)מדד הקור יוצג בהתאם להצבעות שלך בלבד



   זכור אותי

שכחתי סיסמה ››
אימייל: