תחנת מזג-אוויר עדכנית בי-ם   גובה 775 מ'   ב 8:40 6/04/20
אודות














מרגיש כמו 12.7 בצל/שמש 11.4
11.9
°
C
11.9
°
C  בהר
12.8
 גבוה 00:00
11.0
 נמוך 06:37
10 דק':
0.2
24 שע' hour half hour
8.8
0.6
0.5
12.3
°
C  בעמק
13.1
 גבוה 00:34
11.6
 נמוך 06:27
10 דק':
0.2
24 שע' hour half hour
8.8
0.4
0.2
14.8
°
C  בכביש
14.8
 גבוה 08:39
8.8
 נמוך 06:37
24 שע' hour half hour
8.1
3.9
1.4
94
 גבוה
 06:39     
88
 נמוך
 00:27
10 דק':
1%
24 שע' hour half hour
57
2
1
10.4
 גבוה
 00:00     
9.4
 נמוך
 06:37
24 שע' hour half hour
6
0.1
0
1,012.9
 גבוה
 08:29   
1,010.6
 נמוך
 03:52
24 שע' half hour quarter hour
0.9
0.3
0.2
28.8
 גבוה
 03:17
10 דק' ממוצע: 7 קמש
hour half hour quarter hour
5
2
2
0.0
 גבוה
 00:00
גשם היום מחצות: 0.0  
סה'כ עונתי: 628.6 מ''מ
hour half hour quarter hour
0
0
0
211
 גבוה
 07:47
0 שעות שמש עד עכשיו
זריחה: 06:21   שקיעה: 19:02
24 שע' half hour quarter hour
121
7
14
 זריחה:
 שקיעה:
0.8
 גבוה
 08:12
24 שע' half hour quarter hour
0
0.1
0
אבק
92 µg/m3
מעל 130 לא בריא.
מעל 300 לא מומלץ לעשות פעילות גופנית
25 µg/m3
מעל 38 לא בריא.
מעל 100 לא מומלץ לעשות פעילות גופנית
24 שע' 24 שע' half hour
26
3
3
כדאי לסגור חלון
בפנים: 21.6
בחוץ: 11.9
המטרה של הדף הזה היא למזג את הבית כך שייתקרב כמה שיותר לתחושה הנוחה ביותר לנו.
זה כמובן אינדיבידואלי, לכן צריך לעשות כמה הנחות. ההנחה היא שהטמפרטורה האידיאלית בבית היא: 22
איך ההרגשה עכשיו עם הטמפרטורה הנוכחית?
מהי העונה החביבה עליך?


                   MONTHLY CLIMATOLOGICAL SUMMARY for APR. 2020

NAME: Boaz Nechemia's Vantage Pro   CITY: Jerusalem   STATE: Israel 
ELEV:   745 m  LAT:  31 46' 09" N  LONG:  35 12' 07" E

                   TEMPERATURE (C), RAIN  (mm), WIND SPEED (km/hr)

                                      HEAT  COOL        AVG
    MEAN                              DEG   DEG         WIND                 DOM
DAY TEMP  HIGH   TIME   LOW    TIME   DAYS  DAYS  RAIN  SPEED HIGH   TIME    DIR
------------------------------------------------------------------------------------
 1  12.1  13.9   16:30  10.4   23:40   2.4   0.0   0.4  16.9  57.9    9:00   WNW
 2  12.5  17.9   14:50   8.6    5:00   2.5   0.0   0.2   7.2  25.7   19:30    NW
 3  15.3  21.3   15:20   9.7    4:50   1.3   0.0   0.0   6.0  25.7   13:50   WNW
 4  19.2  25.2   16:30  12.1    6:00   0.4   0.0   0.0   4.3  25.7   12:20   ESE
 5  20.1  26.7   12:50  12.9   00:00   0.1   0.1   0.0   7.6  27.4   14:10   ESE
 6  12.2  13.1    0:40  11.6    6:30   0.8   0.0   0.0   7.4  27.4    3:20    NW
 7
 8
 9
10
11
12
13
14
15
16
17
18
19
20
21
22
23
24
25
26
27
28
29
30
-------------------------------------------------------------------------------------
    15.2  26.7     5     8.6     2     7.6   0.1   0.6   8.2  57.9     1     WNW

Max >=  32.0:  0
Max <=   0.0:  0
Min <=   0.0:  0
Min <= -18.0:  0
Max Rain: 0.41 ON 01/04/20
Days of Rain: 2 (> .2 mm) 0 (> 2 mm) 0 (> 20 mm)
Heat Base:  14.5  Cool Base:  25.0  Method: Integration
אימייל:
סיסמה:
אייקון:
 
 
 
 
 
 
 
 
 
 
 
 
 
 
 
 
 
 
 
 
 
 
 
שם לתצוגה:
שם רשמי:
קבלו התראות באימייל
מדד קור מותאם אישית(?)מדד הקור יוצג בהתאם להצבעות שלך בלבד



   זכור אותי

שכחתי סיסמה ››
אימייל: