תחנת מזג-אוויר עדכנית בי-ם   גובה 775 מ'   ב 7:30 19/11/18
אודות













מרגיש כמו 16.9 צל/שמש 15.7
16.2°c
16.2°c  בהר
17.2
 גבוה 00:00
15.4
 נמוך 05:38
10 דק':
0.3°c
24 שעות hour half hour
0.2
0.5
0.5
16.2°c  בעמק
17.6
 גבוה 00:00
15.7
 נמוך 06:29
10 דק':
0.3°c
24 שעות hour half hour
0.5
0.5
0.5
12.9°c  בכביש
12.9
 גבוה 07:25
10.9
 נמוך 05:26
24 שעות hour half hour
1.8
1.5
0.7
64 גבוה 07:27     55 נמוך 00:00
10 דק':
1%
24 שעות hour half hour
2
3
2
8.2 גבוה 07:26     6.5 נמוך 02:20
24 שעות hour half hour
0.3
1
0.7
1,013.1 גבוה 06:41   1,012.1 נמוך 03:51
24 שעות half hour quarter hour
0.3
0.0
0.1
16.2 גבוה 01:33
10 דק' ממוצע: 0 קמש
hour half hour quarter hour
1
2
2
139 גבוה 07:22
24 שעות half hour quarter hour
98
62
11
0.5 גבוה 07:21
24 שעות half hour quarter hour
0.1
0.5
0.5
אבק
42±4 µg/m3 (PM10)
12±3 µg/m3 (PM2.5)
PM10 - מעל 130 לא בריא. מעל 300 לא מומלץ לעשות פעילות גופנית
PM2.5 - מעל 38 לא בריא. מעל 100 לא מומלץ לעשות פעילות גופנית
PM2.5 מסוכן יותר
24 שעות 24 שעות half hour
21
16
0
כדאי לסגור חלון
בפנים: 20.6
בחוץ: 16.2
המטרה של הדף הזה היא למזג את הבית כך שייתקרב כמה שיותר לתחושה הנוחה ביותר לנו.
זה כמובן אינדיבידואלי, לכן צריך לעשות כמה הנחות. ההנחה היא שהטמפרטורה האידיאלית בבית היא: 22
איך ההרגשה עכשיו עם הטמפרטורה הנוכחית?
מהי העונה החביבה עליך?
  • מדד הקור
  • העונה הכי טובה


                   MONTHLY CLIMATOLOGICAL SUMMARY for NOV. 2018

NAME: Boaz Nechemia's Vantage Pro   CITY: Jerusalem   STATE: Israel 
ELEV:   745 m  LAT:  31 46' 09" N  LONG:  35 12' 07" E

                   TEMPERATURE (C), RAIN  (mm), WIND SPEED (km/hr)

                                      HEAT  COOL        AVG
    MEAN                              DEG   DEG         WIND                 DOM
DAY TEMP  HIGH   TIME   LOW    TIME   DAYS  DAYS  RAIN  SPEED HIGH   TIME    DIR
------------------------------------------------------------------------------------
 1  20.4  23.8   14:40  17.4    6:10   0.0   0.0   0.0   9.8  43.5   11:10    SE
 2  19.6  23.3   15:20  17.0    3:20   0.0   0.0   0.0   8.2  38.6   10:10   ESE
 3  18.3  21.9   14:40  15.5    6:00   0.0   0.0   0.0   5.3  33.8   11:50   ESE
 4  16.7  21.2   13:20  13.3    5:50   0.1   0.0   0.0   4.5  27.4   14:40    SE
 5  14.9  18.5   12:50  11.9    3:30   0.5   0.0   4.4   9.5  29.0   18:30    NW
 6  15.6  18.8   13:50  13.7    6:40   0.1   0.0   0.0   5.3  22.5   12:40   WNW
 7  15.6  19.8   11:10  13.0    5:30   0.3   0.0   0.6   1.9  17.7   11:30    SE
 8  16.4  21.4   13:50  12.4    6:20   0.5   0.0   0.2   2.3  17.7   10:00   ESE
 9  16.4  19.7   14:40  14.3    6:00   0.0   0.0   2.0   4.0  25.7   13:10   ESE
10  16.1  19.2   14:50  13.3   00:00   0.1   0.0   0.0   3.1  20.9    8:30   ESE
11  15.8  20.5   11:10  12.5    5:10   0.5   0.0   0.0   4.7  24.1   14:30    NW
12  15.3  19.4   12:00  11.9   00:00   0.4   0.0   0.0   4.0  22.5   15:50    NW
13  15.3  20.8   13:40  10.8    5:30   1.0   0.0   0.0   2.9  17.7    9:30    NW
14  14.6  18.2   13:40  12.6   23:30   0.5   0.0   1.4   4.3  24.1   14:30   NNW
15  14.1  16.7   14:00  11.3    6:30   0.8   0.0   0.6   5.1  24.1   00:00   WNW
16  13.3  15.2   13:00  12.1    8:00   1.2   0.0   8.0  10.5  41.8    8:10     W
17  14.5  19.1   14:50  10.9    6:00   1.1   0.0   0.4   2.1  22.5   11:20    SE
18  17.6  21.8   13:40  12.8    6:40   0.2   0.0   0.0   4.3  17.7   10:10   ESE
19  16.4  17.6    0:10  15.7    6:40   0.0   0.0   0.0   2.9  16.1    1:40   ESE
20
21
22
23
24
25
26
27
28
29
30
-------------------------------------------------------------------------------------
    16.1  23.8     1    10.8    13     7.3   0.0  17.6   5.0  43.5     1     ESE

Max >=  32.0:  0
Max <=   0.0:  0
Min <=   0.0:  0
Min <= -18.0:  0
Max Rain: 8.00 ON 16/11/18
Days of Rain: 8 (> .2 mm) 3 (> 2 mm) 0 (> 20 mm)
Heat Base:  14.5  Cool Base:  25.0  Method: Integration
אימייל:
סיסמה:
אייקון:
 
 
 
 
 
 
 
 
 
 
 
 
 
 
 
 
 
 
 
 
 
 
 
שם לתצוגה:
שם רשמי:
קבלו התראות באימייל
מדד קור מותאם אישית(?)מדד הקור יוצג בהתאם להצבעות שלך בלבד



   זכור אותי

שכחתי סיסמה ››
אימייל: