תחנת מזג-אוויר עדכנית בי-ם   גובה 775 מ'   ב 11:52 26/06/17
אודות









32.3°c 32.8 בעמק
 גבוה 11:40
 נמוך 05:36
12 דק':
 0.1°c
24 שעות hour half hour
 3.4
 2.3
 1.2
32.3°c 32.8 בעמק
33.1
 גבוה 11:40
19.6
 נמוך 05:36
12 דק': 0.0°c
24 שעות hour half hour
 3.0
 1.5
 1.0
61 גבוה 03:37     24 נמוך 11:06
12 דק':
 4%
24 שעות hour half hour
 7
 2
 6
1,006.8 גבוה 08:39   1,005.9 נמוך 01:54
24 שעות half hour quarter hour
 0.3
 0.4
 0.1
12.2 גבוה 00:25
10 דק' ממוצע: 5.1 קשר
hour half hour quarter hour
0
0
 0.9
912 גבוה 11:36
24 שעות half hour quarter hour
 1
 31
 8
6.9 גבוה 11:51
24 שעות half hour quarter hour
 0.1
 0.6
 0.2
אבק
29±0 µg/m3 (PM10)
18±4 µg/m3 (PM2.5)
PM10 - מעל 130 לא בריא. מעל 300 לא מומלץ לעשות פעילות גופנית
PM2.5 - מעל 38 לא בריא. מעל 100 לא מומלץ לעשות פעילות גופנית
PM2.5 מסוכן יותר
איך ההרגשה עכשיו עם הטמפרטורה הנוכחית?
מהי העונה החביבה עליך?
  • מדד הקור
  • העונה הכי טובה


                   MONTHLY CLIMATOLOGICAL SUMMARY for JUN. 2017

NAME: Boaz Nechemia's Vantage Pro   CITY: Jerusalem   STATE: Israel 
ELEV:   745 m  LAT:  31 46' 09" N  LONG:  35 12' 07" E

                   TEMPERATURE (C), RAIN  (mm), WIND SPEED (kt)

                                      HEAT  COOL        AVG
    MEAN                              DEG   DEG         WIND                 DOM
DAY TEMP  HIGH   TIME   LOW    TIME   DAYS  DAYS  RAIN  SPEED HIGH   TIME    DIR
------------------------------------------------------------------------------------
 1  18.4  23.5   14:10  14.6    6:00   0.0   0.0   0.0   6.7  20.9   17:20    NW
 2  19.6  24.9   15:10  15.2    5:50   0.0   0.0   0.0   5.9  18.3   13:50    NW
 3  22.2  29.2   15:00  16.1    5:20   0.0   0.7   0.0   2.9  15.7   16:10   NNW
 4  23.5  30.8   12:20  17.9    6:20   0.0   1.4   0.0   3.1  15.7   17:40    NW
 5  23.1  28.3   13:30  17.7    3:50   0.0   0.8   0.0   5.5  20.0   19:40    NW
 6  23.8  28.7   13:20  17.6    6:30   0.0   1.2   0.0   4.7  19.1   17:10    NW
 7  25.0  31.7   15:40  17.4    4:40   0.0   2.2   0.0   2.7  12.2   23:50   NNW
 8  27.1  35.4   15:10  20.1    6:00   0.0   3.2   0.0   3.2  13.9    0:40   NNW
 9  27.3  34.7   11:50  19.6   00:00   0.0   3.3   0.0   3.3  15.7   20:50    NW
10  21.4  27.1   15:00  16.9   00:00   0.0   0.3   0.0   6.2  21.7   16:40   WNW
11  21.4  28.8   15:00  15.4    6:00   0.0   0.8   0.0   4.1  13.0   15:40   WNW
12  21.3  28.6   15:10  15.7    5:00   0.0   0.6   0.0   4.3  16.5   17:30   WNW
13  22.3  28.3   13:10  16.3    5:40   0.0   0.6   0.0   3.4  17.4   14:20   WNW
14  23.6  30.1   13:00  18.3   23:40   0.0   1.1   0.0   4.3  23.5   19:00    NW
15  22.2  28.9   14:50  17.2    5:20   0.0   0.7   0.0   4.2  14.8   15:00   NNW
16  23.8  28.7   14:40  19.6    5:20   0.0   1.0   0.0   5.2  19.1   17:20   NNW
17  24.0  29.6   14:20  19.1    5:50   0.0   1.2   0.0   4.3  17.4   17:10   NNW
18  25.2  30.7   13:50  19.0    6:00   0.0   1.9   0.0   4.6  18.3   19:50    NW
19  24.8  31.1   13:40  18.8    6:00   0.0   1.7   0.0   4.9  20.0   15:40    NW
20  21.7  26.6   13:20  17.6   23:50   0.0   0.2   0.0   6.7  20.9   16:10    NW
21  19.9  25.4   15:10  15.8    6:00   0.0   0.0   0.0   5.5  21.7   14:30   WNW
22  20.7  26.5   14:30  16.6    4:50   0.0   0.1   0.0   6.0  18.3   18:30    NW
23  21.8  27.4   15:10  17.2    6:00   0.0   0.4   0.0   4.8  16.5   17:40    NW
24  23.1  30.1   14:30  16.9    6:40   0.0   1.1   0.2   4.3  15.7   15:30    NW
25  25.2  31.2   14:10  19.1    6:10   0.0   2.0   0.0   4.3  15.7   18:00   NNW
26  24.0  33.1   11:50  19.6    5:50   0.0   0.7   0.0   2.1  12.2    0:30    NW
27
28
29
30
-------------------------------------------------------------------------------------
    22.9  35.4     8    14.6     1     0.0  27.0   0.2   4.5  23.5    14      NW

Max >=  32.0:  3
Max <=   0.0:  0
Min <=   0.0:  0
Min <= -18.0:  0
Max Rain: 0.20 ON 24/06/17
Days of Rain: 1 (> .2 mm) 0 (> 2 mm) 0 (> 20 mm)
Heat Base:  14.5  Cool Base:  25.0  Method: Integration
אימייל:
סיסמה:
אייקון:
 
 
 
 
 
 
 
 
 
 
 
 
 
 
 
 
 
 
 
 
 
 
 
שם לתצוגה:
שם רשמי:
קבלו התראות באימייל
מדד קור מותאם אישית(?)מדד הקור יוצג בהתאם להצבעות שלך בלבד



   זכור אותי

שכחתי סיסמה ››
אימייל: