תחנת מזג-אוויר עדכנית בי-ם   גובה 775 מ'   ש 22:18 21/07/18
אודות












מרגיש כמו 21
20.5°c
20.5°c  בהר
26.5
 גבוה 15:35
19.9
 נמוך 05:40
18 דק': 0.0°c
24 שעות hour half hour
0.6
0.4
0.2
20.8°c  בעמק
27.6
 גבוה 15:34
20.1
 נמוך 05:59
18 דק': 0.0°c
24 שעות hour half hour
0.5
0.5
0.3
20.8°c  בכביש
73.3
 גבוה 12:57
18.9
 נמוך 02:27
24 שעות hour half hour
0.9
0.8
0.2
92 גבוה 05:21     53 נמוך 15:35
18 דק': 0%
24 שעות hour half hour
0
3
1
19.8 גבוה 08:54     16.1 נמוך 16:44
18 דק': 0
24 שעות hour half hour
0.5
0.099999999999998
0.1
1,007.4 גבוה 10:13   1,005.9 נמוך 03:57
24 שעות half hour quarter hour
0.1
0.2
0.1
37.1 גבוה 17:23
10 דק' ממוצע: 4.3 קמש
hour half hour quarter hour
0
4.7
4.7
1185 גבוה 13:00
24 שעות half hour quarter hour
0
0
0
11.8 גבוה 13:00
24 שעות half hour quarter hour
0
0
0
אבק
22±2 µg/m3 (PM10)
20±4 µg/m3 (PM2.5)
PM10 - מעל 130 לא בריא. מעל 300 לא מומלץ לעשות פעילות גופנית
PM2.5 - מעל 38 לא בריא. מעל 100 לא מומלץ לעשות פעילות גופנית
PM2.5 מסוכן יותר
24 שעות 24 שעות half hour
1
2
2
איך ההרגשה עכשיו עם הטמפרטורה הנוכחית?
מהי העונה החביבה עליך?
  • מדד הקור
  • העונה הכי טובה


                   MONTHLY CLIMATOLOGICAL SUMMARY for JUL. 2018

NAME: Boaz Nechemia's Vantage Pro   CITY: Jerusalem   STATE: Israel 
ELEV:   745 m  LAT:  31 46' 09" N  LONG:  35 12' 07" E

                   TEMPERATURE (C), RAIN  (mm), WIND SPEED (km/hr)

                                      HEAT  COOL        AVG
    MEAN                              DEG   DEG         WIND                 DOM
DAY TEMP  HIGH   TIME   LOW    TIME   DAYS  DAYS  RAIN  SPEED HIGH   TIME    DIR
------------------------------------------------------------------------------------
 1  22.7  30.1   15:00  17.3    6:00   0.0   0.9   0.0   7.1  27.4   19:30     N
 2  23.3  31.1   14:50  17.8    5:40   0.0   1.4   0.0   8.4  27.4   18:20    NW
 3  23.7  31.3   15:20  18.6    4:20   0.0   1.5   0.0   7.6  24.1   19:10    NW
 4  24.7  31.0   15:00  18.9    6:40   0.0   1.9   0.0   6.8  27.4   18:20    NW
 5  26.0  31.2   13:20  21.2    6:20   0.0   1.9   0.0   9.0  38.6   16:10    NW
 6  25.4  30.7   13:50  19.8    6:20   0.0   1.7   0.0   9.5  32.2   16:00   WNW
 7  25.7  31.3   14:50  20.1    5:50   0.0   2.0   0.0  10.8  30.6   12:00    NW
 8  26.3  32.7   14:30  19.9    5:50   0.0   2.6   0.0   6.4  29.0   15:50   NNW
 9  25.9  32.6   12:10  19.6    1:40   0.0   2.6   0.0   6.1  27.4   13:40   NNW
10  24.7  30.9   14:10  18.6    6:30   0.0   1.5   0.0   8.2  32.2   17:50    NW
11  23.4  29.3   13:50  19.4    6:10   0.0   0.9   0.0  10.9  35.4   17:00    NW
12  22.5  27.7   15:10  19.2    4:20   0.0   0.5   0.0  11.9  35.4   18:00    NW
13  22.7  28.6   14:50  18.4    3:20   0.0   0.6   0.0  11.7  43.5   17:10   WNW
14  24.0  29.3   15:10  20.4    2:00   0.0   0.9   0.0  13.2  37.0   17:40   WNW
15  25.4  31.2   14:10  20.5    6:10   0.0   1.6   0.0   8.0  30.6   17:20    NW
16  26.6  32.7   13:30  21.9    6:20   0.0   2.2   0.0   7.7  33.8   16:40    NW
17  25.1  30.7   13:40  20.0    4:40   0.0   1.6   0.0   8.2  33.8   15:10    NW
18  25.8  31.6   13:30  19.7    6:10   0.0   2.2   0.0   7.1  30.6   14:50    NW
19  25.4  31.7   14:30  20.2   23:40   0.0   1.8   0.0  10.8  38.6   19:00    NW
20  23.2  28.1   14:30  19.9    5:50   0.0   0.6   0.0  13.4  40.2   17:40    NW
21  23.2  27.6   15:40  20.1    6:10   0.0   0.4   0.0  13.7  37.0   18:10    NW
22
23
24
25
26
27
28
29
30
31
-------------------------------------------------------------------------------------
    24.6  32.7    16    17.3     1     0.0  31.3   0.0   9.4  43.5    13      NW

Max >=  32.0:  3
Max <=   0.0:  0
Min <=   0.0:  0
Min <= -18.0:  0
Max Rain: 0.00 ON 01/07/18
Days of Rain: 0 (> .2 mm) 0 (> 2 mm) 0 (> 20 mm)
Heat Base:  14.5  Cool Base:  25.0  Method: Integration
אימייל:
סיסמה:
אייקון:
 
 
 
 
 
 
 
 
 
 
 
 
 
 
 
 
 
 
 
 
 
 
 
שם לתצוגה:
שם רשמי:
קבלו התראות באימייל
מדד קור מותאם אישית(?)מדד הקור יוצג בהתאם להצבעות שלך בלבד



   זכור אותי

שכחתי סיסמה ››
אימייל: