תחנת מזג-אוויר עדכנית בי-ם   גובה 775 מ'   ג 21:31 25/04/17
אודות









15.8°c 15.6 בעמק
23.8
 גבוה 15:19
9.2
 נמוך 05:00
11 דק':
 0.2°c
24 שעות hour half hour
 4.7
 0.2
 0.2
15.8°c 15.6 בעמק
24.2
 גבוה 15:19
9.7
 נמוך 05:00
11 דק': 0.0°c
24 שעות hour half hour
 4.0
 0.2
0.0
91 גבוה 7:07     17 נמוך 13:59
11 דק':
 2%
24 שעות hour half hour
 22
 7
 4
1,017.6 גבוה 0:00   1,014.3 נמוך 16:51
24 שעות half hour quarter hour
 0.1
 0.2
0.0
13.0 גבוה 16:23
10 דק' ממוצע: 0.9 קשר
hour half hour quarter hour
 3.5
0
0
979 גבוה 12:36
24 שעות half hour quarter hour
0
0
0
6.5 גבוה 12:14
24 שעות half hour quarter hour
0
0
0
אבק
21±0 µg/m3 (PM10)
21±6 µg/m3 (PM2.5)
PM10 - מעל 130 לא בריא. מעל 300 לא מומלץ לעשות פעילות גופנית
PM2.5 - מעל 38 לא בריא. מעל 100 לא מומלץ לעשות פעילות גופנית
PM2.5 מסוכן יותר
איך ההרגשה עכשיו עם הטמפרטורה הנוכחית?


                   MONTHLY CLIMATOLOGICAL SUMMARY for APR. 2017

NAME: Boaz Nechemia's Vantage Pro   CITY: Jerusalem   STATE: Israel 
ELEV:   745 m  LAT:  31 46' 09" N  LONG:  35 12' 07" E

                   TEMPERATURE (C), RAIN  (mm), WIND SPEED (kt)

                                      HEAT  COOL        AVG
    MEAN                              DEG   DEG         WIND                 DOM
DAY TEMP  HIGH   TIME   LOW    TIME   DAYS  DAYS  RAIN  SPEED HIGH   TIME    DIR
------------------------------------------------------------------------------------
 1  14.1  17.4   11:10  10.8   22:50   1.0   0.0   0.0   5.7  21.7   11:40   WNW
 2  11.4  13.4   10:40   9.7    7:40   3.1   0.0   4.0   6.1  18.3   14:00   WNW
 3  12.8  17.8   14:30   9.6    6:30   2.3   0.0   0.4   3.4  13.9   13:00   WNW
 4  17.2  24.2   16:30   9.6    3:50   1.4   0.0   0.0   2.9  15.7   12:40   ESE
 5  20.7  28.4   16:40  16.2    6:40   0.0   0.3   0.0   5.1  20.0    9:30   ESE
 6  19.1  27.8   15:30  12.5    5:10   0.3   0.3   0.0   4.4  31.3   23:50   WNW
 7  13.6  18.2   14:50  10.8   00:00   1.6   0.0   0.0   7.5  26.1    0:30   WNW
 8  15.1  20.7   15:10  10.5    6:40   1.1   0.0   0.0   4.8  17.4   14:50     W
 9  14.6  18.4   15:00  11.4   22:40   1.0   0.0   0.0   4.9  13.9   11:50    NW
10  15.9  23.7   15:10   9.3    3:50   1.4   0.0   0.0   1.2  13.0   15:40    NW
11  21.2  27.6   14:50  14.6    0:20   0.0   0.4   0.0   1.0   9.6   14:00    NW
12  22.1  26.2   16:40  14.4    6:40   0.0   0.1   0.0   2.3  20.0    5:40   ESE
13  18.8  26.1   14:30  13.9   00:00   0.0   0.0   0.6   4.2  20.0   13:50    NW
14  13.9  17.3   13:30  11.8   23:30   1.1   0.0   0.0   5.0  22.6   11:40   WNW
15  13.9  18.4   13:10  10.9    6:00   1.4   0.0   0.0   5.1  18.3   14:50   WNW
16  15.4  20.8   15:40  11.7    0:30   0.9   0.0   0.0   2.3  13.0    0:20   WNW
17  16.9  23.2   14:40  10.9    4:10   0.9   0.0   0.0   3.3  14.8   15:10   NNW
18  17.7  23.3   15:00  10.9    5:50   0.6   0.0   0.0   3.7  20.9   13:30    NW
19  18.4  25.4   15:30  11.3    6:10   0.5   0.0   0.0   3.2  15.7   16:00    NW
20  19.5  25.8   16:10  11.7    6:20   0.3   0.1   0.0   2.6  13.0    0:50    NW
21  24.1  31.2   17:10  16.9    5:30   0.0   1.7   0.0   1.4  13.9   11:20    SE
22  27.5  34.4   17:20  22.7    6:40   0.0   3.0   0.0   3.3  15.7   10:30   ESE
23  15.5  26.7    0:20  10.5   23:30   0.7   0.0   0.0   7.9  22.6   13:30    NW
24  13.2  17.7   15:10  10.4    5:20   2.0   0.0   0.0   5.7  17.4   16:30    NW
25  15.7  24.2   15:20   9.7    5:10   1.5   0.0   0.0   3.8  13.0   16:30   NNW
26
27
28
29
30
-------------------------------------------------------------------------------------
    17.1  34.4    22     9.3    10    23.1   5.9   5.0   4.0  31.3     6      NW

Max >=  32.0:  1
Max <=   0.0:  0
Min <=   0.0:  0
Min <= -18.0:  0
Max Rain: 3.99 ON 02/04/17
Days of Rain: 3 (> .2 mm) 1 (> 2 mm) 0 (> 20 mm)
Heat Base:  14.5  Cool Base:  25.0  Method: Integration
אימייל:
סיסמה:
אייקון:
 
 
 
 
 
 
 
 
 
 
 
 
 
 
 
 
 
 
 
 
 
 
 
שם לתצוגה:
שם רשמי:
קבלו התראות באימייל



   זכור אותי

שכחתי סיסמה ››
אימייל: