תחנת מזג-אוויר עדכנית בי-ם   גובה 775 מ'   ה 13:49 23/01/20
אודות














מרגיש כמו 8.0
8.5
°
C
30%
8.5
°
C  בהר
9.1
 גבוה 11:25
4.4
 נמוך 04:46
19 דק': 0.0C
24 שע' hour half hour
1.4
0.1
0.1
9.3
°
C  בעמק
9.9
 גבוה 11:26
4.3
 נמוך 03:52
19 דק': 0.0C
24 שע' hour half hour
1.1
0.1
0.1
9.9
°
C  בכביש
26.7
 גבוה 12:52
0.1
 נמוך 04:57
24 שע' hour half hour
3.8
3.4
11.7
97
 גבוה
 09:08     
82
 נמוך
 11:35
19 דק':
1%
24 שע' hour half hour
4
4
2
6.2
 גבוה
 13:22     
2.7
 נמוך
 04:46
24 שע' hour half hour
0.7
0.7
0.2
1,017.8
 גבוה
 09:38   
1,015.6
 נמוך
 13:42
24 שע' half hour quarter hour
0.4
0.2
0.0
30.6
 גבוה
 12:34
10 דק' ממוצע: 8 קמש
hour half hour quarter hour
5
5
16
0.2
 גבוה
 00:54
גשם היום מחצות: 0.2  
סה'כ עונתי: 340.8 מ''מ
hour half hour quarter hour
0
0
0
1005
 גבוה
 12:52
1.8 שעות שמש עד עכשיו
זריחה: 06:37   שקיעה: 17:04
24 שע' half hour quarter hour
271
214
18
 זריחה:
 שקיעה:
3.0
 גבוה
 12:19
24 שע' half hour quarter hour
1.3
1.9
0.5
אבק
16 µg/m3
מעל 130 לא בריא.
מעל 300 לא מומלץ לעשות פעילות גופנית
17 µg/m3
מעל 38 לא בריא.
מעל 100 לא מומלץ לעשות פעילות גופנית
24 שע' 24 שע' half hour
3
8
4
כדאי לסגור חלון
בפנים: 15.8
בחוץ: 8.5
המטרה של הדף הזה היא למזג את הבית כך שייתקרב כמה שיותר לתחושה הנוחה ביותר לנו.
זה כמובן אינדיבידואלי, לכן צריך לעשות כמה הנחות. ההנחה היא שהטמפרטורה האידיאלית בבית היא: 22
איך ההרגשה עכשיו עם הטמפרטורה הנוכחית?
מהי העונה החביבה עליך?


                   MONTHLY CLIMATOLOGICAL SUMMARY for JAN. 2020

NAME: Boaz Nechemia's Vantage Pro   CITY: Jerusalem   STATE: Israel 
ELEV:   745 m  LAT:  31 46' 09" N  LONG:  35 12' 07" E

                   TEMPERATURE (C), RAIN  (mm), WIND SPEED (km/hr)

                                      HEAT  COOL        AVG
    MEAN                              DEG   DEG         WIND                 DOM
DAY TEMP  HIGH   TIME   LOW    TIME   DAYS  DAYS  RAIN  SPEED HIGH   TIME    DIR
------------------------------------------------------------------------------------
 1   9.7  14.2   13:50   6.4    2:30   4.8   0.0   0.0   2.1  16.1   13:20    NW
 2   9.3  12.1   13:30   6.6    7:00   5.2   0.0   0.0   3.9  25.7   11:20   WNW
 3   8.8  11.1   13:40   7.0   23:00   5.7   0.0   0.0  10.0  49.9   00:00   WSW
 4   7.3   8.4   14:30   5.8    6:40   7.2   0.0  19.6  13.4  53.1    6:10   WSW
 5   8.1  10.8   15:00   5.2    8:20   6.4   0.0  19.0  13.0  45.1    6:10   WSW
 6   9.5  12.7   13:30   6.4    4:10   5.0   0.0   0.0   3.7  19.3   11:50     S
 7   9.8  13.6   12:40   6.9   23:40   4.7   0.0   0.0  13.2  46.7   20:10   WSW
 8   7.2   9.3   11:20   5.8    6:10   7.3   0.0  16.8  21.7  61.2   12:30   WSW
 9   6.4   7.2   19:20   5.3    8:10   8.1   0.0  21.8  11.4  56.3    0:40   WSW
10   6.4   8.1   15:10   4.9    7:00   8.1   0.0   5.2   7.2  33.8    2:20   WNW
11   8.6  12.7   13:50   5.8    0:10   5.9   0.0   0.2   4.7  29.0   15:10    NW
12   9.2  12.1   14:00   6.5    2:50   5.3   0.0   5.2   5.3  25.7   12:40   WNW
13  10.2  13.6   14:50   8.8   23:20   4.3   0.0   0.2   7.1  22.5   12:40   WNW
14  10.2  13.1   14:40   7.2    6:30   4.3   0.0   0.0   3.4  22.5   12:10   ESE
15  12.4  15.4   13:00   9.9    7:00   2.1   0.0   0.0   2.6  14.5    2:40   ESE
16  13.4  15.5   13:20  11.2   23:50   1.2   0.0   0.0   5.6  30.6    8:00   ESE
17  10.3  11.9   10:10   9.0    6:20   4.2   0.0   6.8   7.7  38.6   21:00     W
18   9.4  10.3   13:40   8.3   18:40   5.1   0.0   6.4   9.7  27.4    0:10     W
19   8.9  10.6   12:00   7.4    3:10   5.6   0.0  12.8  15.0  43.5    2:40     W
20   8.2   8.8    0:30   7.3   11:40   6.4   0.0  15.4  11.9  38.6   11:30   WNW
21   5.1   7.6    0:20   3.6   15:00   9.5   0.0  16.4  11.9  40.2   15:30   WNW
22   6.1   9.4   13:00   4.7    1:10   8.4   0.0   3.8   4.8  30.6   13:10   WNW
23   5.7   8.5   10:50   4.3    4:20   4.0   0.0   0.2   4.3  24.1   10:10   WSW
24
25
26
27
28
29
30
31
-------------------------------------------------------------------------------------
     8.7  15.5    16     3.6    21   128.8   0.0 149.8   8.4  61.2     8     WSW

Max >=  32.0:  0
Max <=   0.0:  0
Min <=   0.0:  0
Min <= -18.0:  0
Max Rain: 21.79 ON 09/01/20
Days of Rain: 15 (> .2 mm) 12 (> 2 mm) 1 (> 20 mm)
Heat Base:  14.5  Cool Base:  25.0  Method: Integration
אימייל:
סיסמה:
אייקון:
 
 
 
 
 
 
 
 
 
 
 
 
 
 
 
 
 
 
 
 
 
 
 
שם לתצוגה:
שם רשמי:
קבלו התראות באימייל
מדד קור מותאם אישית(?)מדד הקור יוצג בהתאם להצבעות שלך בלבד



   זכור אותי

שכחתי סיסמה ››
אימייל: