תחנת מזג-אוויר עדכנית בי-ם   גובה 775 מ'   א 1:04 22/09/19
אודות














מרגיש כמו 18.1
19.3
°
C
19.3
°
C  בהר
19.3
 גבוה 00:33
19.1
 נמוך 00:00
14 דק': 0.0C
24 שע' hour half hour
0.2
0.2
0.0
19.5
°
C  בעמק
19.6
 גבוה 00:57
19.3
 נמוך 00:00
14 דק': 0.0C
24 שע' hour half hour
0.3
0.2
0.1
17.3
°
C  בכביש
17.9
 גבוה 00:08
17.3
 נמוך 00:23
24 שע' hour half hour
1.6
0.4
0.2
91 גבוה 00:00     91 נמוך 00:00
14 דק': 0%
24 שע' hour half hour
0
0
0
17.1 גבוה 00:00     16.9 נמוך 00:00
24 שע' hour half hour
0.4
0.2
0
1,010.4 גבוה 00:00   1,010.0 נמוך 01:00
24 שע' half hour quarter hour
0.3
0.2
0.2
20.9 גבוה 00:15
10 דק' ממוצע: 10 קמש
hour half hour quarter hour
0
11
6
 גבוה 00:00
0 שעות שמש עד עכשיו
זריחה: 06:27   שקיעה: 18:37
24 שע' half hour quarter hour
0
0
0
 זריחה:
 שקיעה:
0.0 גבוה 00:00
24 שע' half hour quarter hour
0
0
0
אבק
34
±3 µg/m3 (PM10)

29
±5 µg/m3 (PM2.5)
PM10 - מעל 130 לא בריא. מעל 300 לא מומלץ לעשות פעילות גופנית
PM2.5 - מעל 38 לא בריא. מעל 100 לא מומלץ לעשות פעילות גופנית
24 שע' 24 שע' half hour
12
3
3
כדאי לפתוח חלון
בפנים: 25.5
בחוץ: 19.3
המטרה של הדף הזה היא למזג את הבית כך שייתקרב כמה שיותר לתחושה הנוחה ביותר לנו.
זה כמובן אינדיבידואלי, לכן צריך לעשות כמה הנחות. ההנחה היא שהטמפרטורה האידיאלית בבית היא: 22
איך ההרגשה עכשיו עם הטמפרטורה הנוכחית?
מהי העונה החביבה עליך?


                   MONTHLY CLIMATOLOGICAL SUMMARY for SEP. 2019

NAME: Boaz Nechemia's Vantage Pro   CITY: Jerusalem   STATE: Israel 
ELEV:   745 m  LAT:  31 46' 09" N  LONG:  35 12' 07" E

                   TEMPERATURE (C), RAIN  (mm), WIND SPEED (km/hr)

                                      HEAT  COOL        AVG
    MEAN                              DEG   DEG         WIND                 DOM
DAY TEMP  HIGH   TIME   LOW    TIME   DAYS  DAYS  RAIN  SPEED HIGH   TIME    DIR
------------------------------------------------------------------------------------
 1  26.3  33.2   14:10  21.6    7:00   0.0   2.3   0.0   7.4  25.7   18:00     N
 2  25.1  31.9   14:40  19.9    6:20   0.0   1.8   0.0   8.5  29.0   16:50   NNW
 3  23.1  29.9   13:50  19.3    5:40   0.0   0.9   0.2   7.6  29.0   18:50    NW
 4  22.7  29.1   14:50  19.2    4:00   0.0   0.7   0.0   7.7  30.6   17:00    NW
 5  22.7  28.8   15:00  19.1    6:40   0.0   0.6   0.0   7.7  29.0   15:10    NW
 6  23.6  29.3   13:50  19.6    6:50   0.0   1.1   0.0   8.2  29.0   14:50   WNW
 7  22.4  27.7   13:40  19.5    6:30   0.0   0.4   0.0  12.2  38.6   16:00    NW
 8  22.4  26.7   15:40  19.8    5:50   0.0   0.2   0.0  11.6  33.8   13:10    NW
 9  23.2  28.9   14:20  19.7    6:30   0.0   0.8   0.0   6.9  27.4   17:50   WNW
10  23.3  30.1   15:10  19.2    6:00   0.0   1.0   0.0   6.8  25.7   15:50   WNW
11  23.2  29.8   13:00  19.1    6:40   0.0   1.0   0.0   6.3  25.7   14:30    NW
12  22.4  27.9   14:30  18.6    6:50   0.0   0.5   0.0   8.0  29.0   14:30    NW
13  23.2  29.4   14:47  19.3    4:20   0.0   0.9   0.0   5.8  27.4   18:40     N
14  22.1  27.7   13:00  19.0    5:50   0.0   0.3   0.0   8.0  30.6   14:30    NW
15  21.8  25.9   12:30  17.8    1:40   0.0   0.1   0.0   9.7  33.8   13:40   WNW
16  23.5  27.5   14:10  19.1    7:20   0.0   0.3   0.0   7.2  24.1   17:50   NNW
17  23.4  29.6   14:30  18.6    4:20   0.0   1.0   0.0   7.6  30.6   18:30     N
18  25.1  34.4   15:40  17.9    5:30   0.0   2.3   0.0   4.0  22.5   10:30   NNW
19  25.8  33.2   13:00  19.9    7:10   0.0   2.4   0.0   4.2  20.9   15:10    NW
20  24.1  30.8   13:40  20.1   00:00   0.0   1.3   0.0   6.4  24.1   14:30   NNW
21  21.9  27.7   15:20  18.8    6:30   0.0   0.4   0.0   8.7  29.0   14:30    NW
22  19.4  19.6    1:00  19.3    0:10   0.0   0.0   0.0   9.3  19.3    0:10    NW
23
24
25
26
27
28
29
30
-------------------------------------------------------------------------------------
    23.2  34.4    18    17.8    15     0.0  20.1   0.2   7.7  38.6     7      NW

Max >=  32.0:  3
Max <=   0.0:  0
Min <=   0.0:  0
Min <= -18.0:  0
Max Rain: 0.20 ON 03/09/19
Days of Rain: 1 (> .2 mm) 0 (> 2 mm) 0 (> 20 mm)
Heat Base:  14.5  Cool Base:  25.0  Method: Integration
אימייל:
סיסמה:
אייקון:
 
 
 
 
 
 
 
 
 
 
 
 
 
 
 
 
 
 
 
 
 
 
 
שם לתצוגה:
שם רשמי:
קבלו התראות באימייל
מדד קור מותאם אישית(?)מדד הקור יוצג בהתאם להצבעות שלך בלבד



   זכור אותי

שכחתי סיסמה ››
אימייל: