תחנת מזג-אוויר עדכנית בי-ם   גובה 775 מ'   א 1:09 20/08/17
אודות










25.2°c
25.2°c  בהר
25.7
 גבוה 00:00
25.2
 נמוך 01:08
19 דק':
0.4°c
24 שעות hour half hour
2.4
0.4
0.4
25.2°c  בעמק
25.7
 גבוה 00:00
25.1
 נמוך 01:08
19 דק':
0.1°c
24 שעות hour half hour
3.3
0.5
0.2
42 גבוה 00:00     40 נמוך 00:26
19 דק':
1%
24 שעות hour half hour
21
1
1
1,008.5 גבוה 00:00   1,008.2 נמוך 00:39
24 שעות half hour quarter hour
0.2
0.1
0.0
11.3 גבוה 00:01
10 דק' ממוצע: 1.2 קשר
hour half hour quarter hour
7
6.1
2.6
 גבוה 00:00
24 שעות half hour quarter hour
0
0
0
0.0 גבוה 00:00
24 שעות half hour quarter hour
0
0
0
אבק
2±0 µg/m3 (PM10)
17±3 µg/m3 (PM2.5)
PM10 - מעל 130 לא בריא. מעל 300 לא מומלץ לעשות פעילות גופנית
PM2.5 - מעל 38 לא בריא. מעל 100 לא מומלץ לעשות פעילות גופנית
PM2.5 מסוכן יותר
איך ההרגשה עכשיו עם הטמפרטורה הנוכחית?
מהי העונה החביבה עליך?
  • מדד הקור
  • העונה הכי טובה


                   MONTHLY CLIMATOLOGICAL SUMMARY for AUG. 2017

NAME: Boaz Nechemia's Vantage Pro   CITY: Jerusalem   STATE: Israel 
ELEV:   745 m  LAT:  31 46' 09" N  LONG:  35 12' 07" E

                   TEMPERATURE (C), RAIN  (mm), WIND SPEED (kt)

                                      HEAT  COOL        AVG
    MEAN                              DEG   DEG         WIND                 DOM
DAY TEMP  HIGH   TIME   LOW    TIME   DAYS  DAYS  RAIN  SPEED HIGH   TIME    DIR
------------------------------------------------------------------------------------
 1  27.1  34.0   14:40  21.3    6:00   0.0   3.0   0.0   3.6  13.9   14:50    NW
 2  25.8  31.9   15:20  21.3   00:00   0.0   2.1   0.0   5.0  17.4   17:40    NW
 3  24.6  31.3   14:10  20.2    6:00   0.0   1.6   0.0   4.8  18.3   18:10    NW
 4  24.6  31.1   14:30  19.1    6:30   0.0   1.7   0.0   3.7  16.5   17:30   WNW
 5  24.7  31.4   15:10  17.9    4:20   0.0   1.6   0.0   4.0  15.7   17:10    NW
 6  26.2  32.9   13:20  20.6    5:00   0.0   2.4   0.0   2.1  13.0   20:00     W
 7  26.3  34.0   14:20  20.6    5:50   0.0   2.5   0.0   2.5  13.9   19:10    NW
 8  25.4  32.4   14:10  20.9    5:40   0.0   2.0   0.0   4.3  15.7   16:00   WNW
 9  26.1  33.7   14:40  19.3    5:20   0.0   2.7   0.0   3.4  14.8   15:10    NW
10  24.9  31.7   14:30  20.6    6:10   0.0   1.7   0.0   4.9  14.8   19:40    NW
11  25.2  31.9   15:20  19.8    1:20   0.0   1.9   0.0   4.8  13.9    2:10    NW
12  25.5  32.1   14:50  20.7    6:40   0.0   1.8   0.0   3.7  14.8   16:50    NW
13  26.9  32.8   13:30  21.4    6:30   0.0   2.7   0.0   3.8  13.9   14:10    NW
14  26.4  32.9   14:20  21.6    3:40   0.0   2.2   0.0   4.2  18.3   18:10    NW
15  25.2  31.8   13:40  21.2    6:20   0.0   1.7   0.0   2.9  16.5   14:20    NW
16  24.3  31.2   14:10  20.1    5:20   0.0   1.4   0.0   4.3  14.8   18:30   WNW
17  24.4  31.5   15:20  18.6    5:20   0.0   1.5   0.0   4.1  15.7   17:20    NW
18  24.6  29.9   14:20  20.7    1:30   0.0   1.3   0.0   5.5  20.9   15:40   WNW
19  26.5  31.9   15:10  20.6    5:10   0.0   2.5   0.0   4.6  15.7   14:40   NNW
20  25.4  25.7    0:10  25.3    1:00   0.0   0.0   0.0   4.6  11.3    0:10   NNW
21
22
23
24
25
26
27
28
29
30
31
-------------------------------------------------------------------------------------
    25.5  34.0     1    17.9     5     0.0  38.3   0.0   4.0  20.9    18      NW

Max >=  32.0:  8
Max <=   0.0:  0
Min <=   0.0:  0
Min <= -18.0:  0
Max Rain: 0.00 ON 01/08/17
Days of Rain: 0 (> .2 mm) 0 (> 2 mm) 0 (> 20 mm)
Heat Base:  14.5  Cool Base:  25.0  Method: Integration
אימייל:
סיסמה:
אייקון:
 
 
 
 
 
 
 
 
 
 
 
 
 
 
 
 
 
 
 
 
 
 
 
שם לתצוגה:
שם רשמי:
קבלו התראות באימייל
מדד קור מותאם אישית(?)מדד הקור יוצג בהתאם להצבעות שלך בלבד



   זכור אותי

שכחתי סיסמה ››
אימייל: