תחנת מזג-אוויר עדכנית בי-ם   גובה 775 מ'   ב 13:45 21/05/18
אודות












31.3°c
31.3°c  בהר
31.3
 גבוה 13:38
22.4
 נמוך 06:02
15 דק':
0.4°c
24 שעות hour half hour
0.7
0.5
0.6
31.9°c  בעמק
32.2
 גבוה 13:38
21.2
 נמוך 06:00
15 דק': 0.0°c
24 שעות hour half hour
1.0
0.5
0.4
69.8°c  בכביש
72.0
 גבוה 13:14
17.0
 נמוך 05:28
24 שעות hour half hour
1.5
0.4
2.2
45 גבוה 06:25     18 נמוך 12:59
15 דק':
2%
24 שעות hour half hour
10
4
4
8.9 גבוה 25     4.4 נמוך 12:59
15 דק':
2
24 שעות hour half hour
5.3
0.4
0.5
1,012.8 גבוה 09:29   1,009.5 נמוך 00:03
24 שעות half hour quarter hour
0.3
0.2
0.0
14.0 גבוה 13:12
10 דק' ממוצע: 5.2 קשר
hour half hour quarter hour
0.8
1.7
3.5
979 גבוה 12:32
24 שעות half hour quarter hour
67
0
28
6.5 גבוה 12:09
24 שעות half hour quarter hour
0.6
0.4
0.1
אבק
48±1 µg/m3 (PM10)
24±5 µg/m3 (PM2.5)
PM10 - מעל 130 לא בריא. מעל 300 לא מומלץ לעשות פעילות גופנית
PM2.5 - מעל 38 לא בריא. מעל 100 לא מומלץ לעשות פעילות גופנית
PM2.5 מסוכן יותר
איך ההרגשה עכשיו עם הטמפרטורה הנוכחית?
מהי העונה החביבה עליך?
  • מדד הקור
  • העונה הכי טובה


                   MONTHLY CLIMATOLOGICAL SUMMARY for MAY. 2018

NAME: Boaz Nechemia's Vantage Pro   CITY: Jerusalem   STATE: Israel 
ELEV:   745 m  LAT:  31 46' 09" N  LONG:  35 12' 07" E

                   TEMPERATURE (C), RAIN  (mm), WIND SPEED (kt)

                                      HEAT  COOL        AVG
    MEAN                              DEG   DEG         WIND                 DOM
DAY TEMP  HIGH   TIME   LOW    TIME   DAYS  DAYS  RAIN  SPEED HIGH   TIME    DIR
------------------------------------------------------------------------------------
 1  23.9  27.4   16:20  20.6    4:50   0.0   0.5   0.0   4.1  17.4   12:50    SE
 2  24.1  28.7   17:50  19.2    6:30   0.0   1.0   0.0   3.0  15.7    2:40   ESE
 3  26.2  31.3   17:50  21.8    5:30   0.0   2.1   0.0   2.4  12.2   11:00   ESE
 4  26.7  31.0   15:20  20.7    5:40   0.0   2.4   0.0   1.5   8.7   17:30   ESE
 5  20.8  26.4    0:50  15.4   23:30   0.0   0.1   0.0   6.5  20.0    8:10   WNW
 6  22.6  28.0   18:50  16.3    4:10   0.0   0.5   0.0   3.7  33.0   18:20   WSW
 7  19.2  23.9    2:10  14.3   00:00   0.0   0.0   0.6   6.6  24.3    9:10   WNW
 8  16.4  20.4   14:10  13.4    5:50   0.2   0.0   0.0   7.6  32.2   22:50   WNW
 9  17.4  21.7   14:40  13.6    6:40   0.2   0.0   0.0   4.7  20.0    0:10    NW
10  23.1  30.9   16:20  14.6    4:30   0.0   1.4   0.0   3.6  27.0    8:00   WNW
11  20.5  24.9   10:50  15.3   23:50   0.0   0.0   0.0   5.6  18.3   18:20    NW
12  16.2  18.9   15:30  14.4    6:30   0.0   0.0   1.2   8.2  23.5   22:50   WNW
13  16.2  20.0   14:20  14.1    5:00   0.0   0.0   0.0   6.8  18.3    4:20   WNW
14  17.3  22.7   13:30  13.9    4:10   0.1   0.0   0.0   4.2  14.8   18:10    NW
15  18.6  25.2   14:10  11.9    4:10   0.4   0.0   0.0   2.9  13.0   16:30     N
16  22.8  29.6   16:00  16.6    6:30   0.0   0.7   0.0   2.9  13.0   17:30   NNE
17  26.7  32.3   15:10  19.1    2:20   0.0   2.9   0.0   2.8  20.0   12:50   ESE
18  29.6  34.8   17:30  25.1    6:00   0.0   4.5   0.0   3.7  17.4   11:50    SE
19  30.3  36.2   14:30  26.2    6:00   0.0   5.3   0.0   3.0  12.2   16:40   ESE
20  27.9  33.0   13:50  23.4    6:10   0.0   3.1   0.0   4.1  17.4   18:10     N
21  25.8  31.8   13:30  21.2    6:10   0.0   1.0   0.0   3.8  13.0   13:20     N
22
23
24
25
26
27
28
29
30
31
-------------------------------------------------------------------------------------
    22.5  36.2    19    11.9    15     0.9  25.4   1.8   4.4  33.0     6     WNW

Max >=  32.0:  4
Max <=   0.0:  0
Min <=   0.0:  0
Min <= -18.0:  0
Max Rain: 1.19 ON 12/05/18
Days of Rain: 2 (> .2 mm) 0 (> 2 mm) 0 (> 20 mm)
Heat Base:  14.5  Cool Base:  25.0  Method: Integration
אימייל:
סיסמה:
אייקון:
 
 
 
 
 
 
 
 
 
 
 
 
 
 
 
 
 
 
 
 
 
 
 
שם לתצוגה:
שם רשמי:
קבלו התראות באימייל
מדד קור מותאם אישית(?)מדד הקור יוצג בהתאם להצבעות שלך בלבד



   זכור אותי

שכחתי סיסמה ››
אימייל: