תחנת מזג-אוויר עדכנית בי-ם   גובה 775 מ'   ג 15:11 24/01/17
אודות









14.9°c 15.2 בעמק
15.2
 גבוה 13:37
8.0
 נמוך 06:29
11 דק':
 0.1°c
24 שעות hour half hour
 1.0
 0.1
 0.1
14.9°c 15.2 בעמק
15.3
 גבוה 13:37
8.4
 נמוך 06:29
11 דק':
 0.1°c
24 שעות hour half hour
 1.6
 0.1
 0.1
52 גבוה 4:34     34 נמוך 12:54
11 דק': 0%
24 שעות hour half hour
 8
 1
 1
1,020.5 גבוה 9:54   1,017.4 נמוך 15:05
24 שעות half hour quarter hour
 0.6
 0.2
 0.1
13.0 גבוה 11:13
10 דק' ממוצע: 3.5 קשר
hour half hour quarter hour
0
 0.9
 0.9
619 גבוה 11:46
24 שעות half hour quarter hour
 175
 78
 55
3.0 גבוה 11:44
24 שעות half hour quarter hour
 0.2
 0.4
 0.2
אבק
37±3 µg/m3 (PM10)
17±2 µg/m3 (PM2.5)
PM10 - מעל 130 לא בריא. מעל 300 לא מומלץ לעשות פעילות גופנית
PM2.5 - מעל 38 לא בריא. מעל 100 לא מומלץ לעשות פעילות גופנית
PM2.5 מסוכן יותר
איך ההרגשה עכשיו עם הטמפרטורה הנוכחית?


                   MONTHLY CLIMATOLOGICAL SUMMARY for JAN. 2017

NAME: Boaz Nechemia's Vantage Pro   CITY: Jerusalem   STATE: Israel 
ELEV:   745 m  LAT:  31 46' 09" N  LONG:  35 12' 07" E

                   TEMPERATURE (C), RAIN  (mm), WIND SPEED (kt)

                                      HEAT  COOL        AVG
    MEAN                              DEG   DEG         WIND                 DOM
DAY TEMP  HIGH   TIME   LOW    TIME   DAYS  DAYS  RAIN  SPEED HIGH   TIME    DIR
------------------------------------------------------------------------------------
 1   8.2  11.8   14:50   5.7    6:40   6.3   0.0   0.0   1.0   8.7   11:50    SE
 2   7.8  11.0   14:20   4.8    4:10   6.7   0.0   0.8   3.7  15.7    9:50     W
 3   7.7  10.9   12:30   5.3    4:50   5.6   0.0   0.2   1.3  11.3   10:30     W
 4   8.7  11.0   15:50   6.7   23:50   1.5   0.0   0.0   2.9  13.0   16:00   WNW
 5   9.6  13.3   13:20   4.9    5:10   4.6   0.0   0.2   1.5  12.2   12:00    SE
 6  10.2  14.9   16:00   6.9    7:10   4.3   0.0   0.0   1.1   9.6    9:00   ESE
 7   9.9  12.8   13:00   7.4    0:30   4.6   0.0   0.0   4.7  21.7   00:00   WNW
 8   7.7   9.9   14:40   5.8    6:10   6.8   0.0   0.0   9.2  27.0    9:20     W
 9   6.4   9.0   14:30   4.8   00:00   8.1   0.0   0.0   9.2  29.6    7:50     W
10   7.5  11.8   15:50   3.2    4:50   7.0   0.0   0.0   2.0  15.7   12:40    SE
11   8.8  13.4   15:50   4.2    6:50   5.7   0.0   0.0   0.7   7.8   11:40   ESE
12  10.4  15.9   12:00   6.3    7:10   4.2   0.0   0.0   2.4  13.0   14:10   WNW
13   9.7  12.7   14:30   7.8    1:30   4.8   0.0   0.0   4.0  17.4   13:30    NW
14  10.1  12.7   14:50   7.7    0:40   4.4   0.0   0.4   0.8  11.3   22:00   ESE
15  10.1  12.7   12:40   6.8   23:20   4.4   0.0   0.0   3.6  15.7    4:40   NNW
16   9.7  13.3   15:40   6.3    1:20   4.8   0.0   0.0   2.1  11.3    9:00   ESE
17  12.7  17.1   15:50   9.2    6:40   2.2   0.0   0.0   1.0   8.7   14:00   ESE
18  11.9  15.7   11:30   8.2    7:00   2.8   0.0   0.0   2.5  13.0   14:00   WNW
19  10.9  14.9   14:10   7.3   23:50   3.6   0.0   0.2   3.0  13.0   13:00   NNW
20  10.4  15.4   12:00   6.1    4:30   4.2   0.0   0.2   1.9  10.4   18:40   NNW
21   9.7  12.9   13:00   7.1    6:50   4.8   0.0   0.4   3.0  16.5   15:00    NW
22   8.9  12.4   12:40   6.0    6:30   5.5   0.0   0.0   0.3   6.1    9:40   ESE
23   9.9  13.9   15:00   5.7    5:20   4.6   0.0   0.0   1.7  13.0   19:20   ESE
24  11.2  15.3   13:40   8.4    6:30   2.2   0.0   0.0   2.8  13.0   11:20   ESE
25
26
27
28
29
30
31
-------------------------------------------------------------------------------------
     9.5  17.1    17     3.2    10   113.6   0.0   2.4   2.8  29.6     9     ESE

Max >=  32.0:  0
Max <=   0.0:  0
Min <=   0.0:  0
Min <= -18.0:  0
Max Rain: 0.79 ON 02/01/17
Days of Rain: 7 (> .2 mm) 0 (> 2 mm) 0 (> 20 mm)
Heat Base:  14.5  Cool Base:  25.0  Method: Integration
אימייל:
סיסמה:
אייקון:
 
 
 
 
 
 
 
 
 
 
 
 
 
 
 
 
 
 
 
 
 
 
 
שם לתצוגה:
שם רשמי:
קבלו התראות באימייל



   זכור אותי

שכחתי סיסמה ››
אימייל: