תחנת מזג-אוויר עדכנית בי-ם   גובה 775 מ'   ה 12:34 12/12/19
אודות














מרגיש כמו 17.7 בצל/שמש 13.2
15.2
°
C
15.2
°
C  בהר
16.6
 גבוה 09:34
11.6
 נמוך 06:12
14 דק':
0.1
C
24 שע' hour half hour
1.6
1
0.7
16.1
°
C  בעמק
16.7
 גבוה 09:34
10.9
 נמוך 06:04
14 דק': 0.0C
24 שע' hour half hour
0.6
1.8
0.9
21.4
°
C  בכביש
26.8
 גבוה 12:14
5.7
 נמוך 06:03
24 שע' hour half hour
4.4
4.2
4.6
81
 גבוה
 02:40     
57
 נמוך
 08:42
14 דק':
1%
24 שע' hour half hour
6
12
12
9.2
 גבוה
 12:07     
6.3
 נמוך
 00:08
24 שע' hour half hour
2.4
1
1.5
1,009.1
 גבוה
 00:01   
1,004.2
 נמוך
 11:33
24 שע' half hour quarter hour
0.4
0.5
0.2
33.8
 גבוה
 12:10
10 דק' ממוצע: 15 קמש
hour half hour quarter hour
21
14
6
638
 גבוה
 12:14
1.5 שעות שמש עד עכשיו
זריחה: 06:29   שקיעה: 16:36
24 שע' half hour quarter hour
225
245
139
 זריחה:
 שקיעה:
2.3
 גבוה
 12:22
24 שע' half hour quarter hour
0.6
0.5
0.5
אבק
37
±1 µg/m3 (PM10)

18
±5 µg/m3 (PM2.5)
PM10 - מעל 130 לא בריא. מעל 300 לא מומלץ לעשות פעילות גופנית
PM2.5 - מעל 38 לא בריא. מעל 100 לא מומלץ לעשות פעילות גופנית
24 שע' 24 שע' half hour
0
5
4
כדאי לסגור חלון
בפנים: 19.4
בחוץ: 15.2
המטרה של הדף הזה היא למזג את הבית כך שייתקרב כמה שיותר לתחושה הנוחה ביותר לנו.
זה כמובן אינדיבידואלי, לכן צריך לעשות כמה הנחות. ההנחה היא שהטמפרטורה האידיאלית בבית היא: 22
איך ההרגשה עכשיו עם הטמפרטורה הנוכחית?
מהי העונה החביבה עליך?


                   MONTHLY CLIMATOLOGICAL SUMMARY for DEC. 2019

NAME: Boaz Nechemia's Vantage Pro   CITY: Jerusalem   STATE: Israel 
ELEV:   745 m  LAT:  31 46' 09" N  LONG:  35 12' 07" E

                   TEMPERATURE (C), RAIN  (mm), WIND SPEED (km/hr)

                                      HEAT  COOL        AVG
    MEAN                              DEG   DEG         WIND                 DOM
DAY TEMP  HIGH   TIME   LOW    TIME   DAYS  DAYS  RAIN  SPEED HIGH   TIME    DIR
------------------------------------------------------------------------------------
 1  14.8  19.2   13:00  11.1    2:10   1.0   0.0   0.0   6.8  29.0   15:10     N
 2  13.7  16.9   13:50  11.0   00:00   1.0   0.0   4.0  10.8  37.0    3:50    NW
 3  12.8  17.7   12:50   9.6    4:10   2.0   0.0   0.0   2.3  17.7   13:00     N
 4  13.1  18.0   12:50   9.3    1:20   1.8   0.0   0.0   2.6  17.7   14:10   WNW
 5  13.6  18.2   12:50   9.6    6:00   1.6   0.0   3.0   8.4  38.6   14:30     W
 6  12.7  15.3   13:10  10.9   22:30   1.9   0.0   0.0   9.0  35.4    0:50    NW
 7  11.7  15.3   13:10  10.0    4:20   2.8   0.0   0.0   6.1  25.7   11:20     N
 8  11.0  11.8   12:10   9.7    0:40   3.5   0.0  21.6   7.7  35.4   21:40   WSW
 9  11.4  12.8   11:10  10.4    5:40   3.0   0.0  32.8   8.4  37.0   15:20   WSW
10  12.8  16.4   14:00  10.6   23:50   1.9   0.0   0.2   3.9  20.9   13:40   WSW
11  13.4  17.4   14:00  10.2    3:00   1.7   0.0   0.0   1.4  14.5   10:30    SE
12  13.0  16.7    9:40  10.9    6:20   0.9   0.0   0.0   1.8  32.2   12:20    SE
13
14
15
16
17
18
19
20
21
22
23
24
25
26
27
28
29
30
31
-------------------------------------------------------------------------------------
    12.8  19.2     1     9.3     4    23.2   0.0  61.6   5.8  38.6     5     WSW

Max >=  32.0:  0
Max <=   0.0:  0
Min <=   0.0:  0
Min <= -18.0:  0
Max Rain: 32.79 ON 09/12/19
Days of Rain: 5 (> .2 mm) 4 (> 2 mm) 2 (> 20 mm)
Heat Base:  14.5  Cool Base:  25.0  Method: Integration
אימייל:
סיסמה:
אייקון:
 
 
 
 
 
 
 
 
 
 
 
 
 
 
 
 
 
 
 
 
 
 
 
שם לתצוגה:
שם רשמי:
קבלו התראות באימייל
מדד קור מותאם אישית(?)מדד הקור יוצג בהתאם להצבעות שלך בלבד



   זכור אותי

שכחתי סיסמה ››
אימייל: