תחנת מזג-אוויר עדכנית בי-ם   גובה 775 מ'   א 0:17 21/10/18
אודות













מרגיש כמו 17.2
17.7°c
17.7°c  בהר
17.7
 גבוה 00:00
17.6
 נמוך 00:05
17 דק':
0.1°c
24 שעות hour half hour
1.1
0.1
0.1
17.4°c  בעמק
17.6
 גבוה 00:00
17.4
 נמוך 00:16
17 דק':
0.2°c
24 שעות hour half hour
1.3
0.5
0.4
12.9°c  בכביש
13.2
 גבוה 00:00
12.9
 נמוך 00:08
24 שעות hour half hour
2.8
0.7
0.4
88 גבוה 00:00     88 נמוך 00:00
17 דק': 0%
24 שעות hour half hour
3
0
0
14.8 גבוה 00:00     14.6 נמוך 00:05
24 שעות hour half hour
1.7
0.5
0.3
1,010.5 גבוה 00:00   1,010.4 נמוך 00:00
24 שעות half hour quarter hour
0.2
0.2
0.0
9.7 גבוה 00:11
10 דק' ממוצע: 2.9 קמש
hour half hour quarter hour
3.2
1.4
7.9
 גבוה 00:00
24 שעות half hour quarter hour
0
0
0
0.0 גבוה 00:00
24 שעות half hour quarter hour
0
0
0
אבק
42±4 µg/m3 (PM10)
16±6 µg/m3 (PM2.5)
PM10 - מעל 130 לא בריא. מעל 300 לא מומלץ לעשות פעילות גופנית
PM2.5 - מעל 38 לא בריא. מעל 100 לא מומלץ לעשות פעילות גופנית
PM2.5 מסוכן יותר
24 שעות 24 שעות half hour
112
14
14
כדאי לפתוח חלון
בפנים: 24.7
בחוץ: 17.7
המטרה של הדף הזה היא למזג את הבית כך שייתקרב כמה שיותר לתחושה הנוחה ביותר לנו.
זה כמובן אינדיבידואלי, לכן צריך לעשות כמה הנחות. ההנחה היא שהטמפרטורה האידיאלית בבית היא: 22
איך ההרגשה עכשיו עם הטמפרטורה הנוכחית?
מהי העונה החביבה עליך?
  • מדד הקור
  • העונה הכי טובה


                   MONTHLY CLIMATOLOGICAL SUMMARY for OCT. 2018

NAME: Boaz Nechemia's Vantage Pro   CITY: Jerusalem   STATE: Israel 
ELEV:   745 m  LAT:  31 46' 09" N  LONG:  35 12' 07" E

                   TEMPERATURE (C), RAIN  (mm), WIND SPEED (km/hr)

                                      HEAT  COOL        AVG
    MEAN                              DEG   DEG         WIND                 DOM
DAY TEMP  HIGH   TIME   LOW    TIME   DAYS  DAYS  RAIN  SPEED HIGH   TIME    DIR
------------------------------------------------------------------------------------
 1  24.9  30.9   14:10  21.2    7:40   0.0   1.0   0.0   3.5  27.4   16:20   NNW
 2  25.1  31.3   13:00  20.3    5:30   0.0   1.5   0.0   4.5  24.1   16:20   NNW
 3  25.7  32.8   16:10  20.4    5:50   0.0   2.2   0.0   2.9  22.5   17:20     N
 4  23.0  28.5   14:20  18.5   00:00   0.0   0.7   0.0   7.2  24.1   14:10    NW
 5  21.2  27.4   14:40  17.7    6:50   0.0   0.2   0.0   7.6  27.4   16:00    NW
 6  21.7  27.8   14:50  18.3    7:00   0.0   0.3   0.0   6.4  24.1   17:30    NW
 7  21.5  26.8   14:10  18.4    6:50   0.0   0.2   0.0   6.6  27.4   15:40   NNW
 8  20.8  26.1   14:40  17.6    7:00   0.0   0.0   0.0   6.9  29.0   17:40    NW
 9  20.2  25.5   14:10  16.7    6:50   0.0   0.0   0.0   6.0  22.5   16:20    NW
10  20.3  25.3   14:00  17.7    7:10   0.0   0.0   0.0   7.1  27.4   17:20   NNW
11  19.8  25.2   15:40  16.2    6:50   0.0   0.0   0.0   6.4  27.4   18:00    NW
12  19.9  24.4   14:30  17.3    6:40   0.0   0.0   0.0   7.6  27.4   13:50    NW
13  20.1  25.2   12:00  15.9    6:10   0.0   0.0   0.0   4.2  25.7   17:20   NNW
14  20.6  26.2   14:40  17.4    0:30   0.0   0.1   0.0   8.2  29.0   18:10   NNW
15  20.2  25.3   14:20  17.2    7:10   0.0   0.0   0.0   6.8  24.1   16:50   NNW
16  20.0  25.8   15:10  16.6    6:40   0.0   0.0   0.0   6.9  29.0   17:30   NNW
17  20.1  24.6   13:30  17.2    0:40   0.0   0.0   0.0   6.8  27.4   16:10   NNW
18  20.9  25.6   15:00  18.4    4:10   0.0   0.0   0.0   7.2  24.1   14:10   NNW
19  21.2  25.4   14:00  18.7   00:00   0.0   0.0   0.0   6.9  24.1   16:40   NNW
20  20.3  25.1   14:50  17.7   00:00   0.0   0.0   0.0   6.1  27.4   18:00   NNW
21  17.6  17.7    0:10  17.6    0:10   0.0   0.0   0.0   1.6   4.8    0:10     N
22
23
24
25
26
27
28
29
30
31
-------------------------------------------------------------------------------------
    21.2  32.8     3    15.9    13     0.0   6.3   0.0   6.1  29.0     8     NNW

Max >=  32.0:  1
Max <=   0.0:  0
Min <=   0.0:  0
Min <= -18.0:  0
Max Rain: 0.00 ON 01/10/18
Days of Rain: 0 (> .2 mm) 0 (> 2 mm) 0 (> 20 mm)
Heat Base:  14.5  Cool Base:  25.0  Method: Integration
אימייל:
סיסמה:
אייקון:
 
 
 
 
 
 
 
 
 
 
 
 
 
 
 
 
 
 
 
 
 
 
 
שם לתצוגה:
שם רשמי:
קבלו התראות באימייל
מדד קור מותאם אישית(?)מדד הקור יוצג בהתאם להצבעות שלך בלבד



   זכור אותי

שכחתי סיסמה ››
אימייל: