תחנת מזג-אוויר עדכנית בי-ם   גובה 775 מ'   ו 14:55 26/04/19
אודות














מרגיש כמו 29.8 בצל/שמש 23.6
24.1°c
24.1°c  בהר
24.9
 גבוה 14:41
15.8
 נמוך 05:51
15 דק':
0.6
°c
24 שעות hour half hour
0.1
0.1
0.2
23.8°c  בעמק
24.6
 גבוה 14:39
14.8
 נמוך 06:02
15 דק':
0.8
°c
24 שעות hour half hour
0.5
0.2
0.4
--°c  בכביש
15.1
 גבוה 00:00
15.1
 נמוך 00:00
24 שעות hour half hour
0.0
15.1
15.1
56 גבוה 06:20     25 נמוך 14:17
15 דק': 0%
24 שעות hour half hour
3
1
0
5.4 גבוה 07:04     1.2 נמוך 01:22
24 שעות hour half hour
1.7
0.7
0.4
1,015.5 גבוה 09:45   1,013.1 נמוך 14:50
24 שעות half hour quarter hour
0.6
0.3
0.2
25.9 גבוה 12:45
10 דק' ממוצע: 5 קמש
hour half hour quarter hour
3
0
0
986 גבוה 12:12
6.6 שעות שמש עד עכשיו
זריחה: 05:59   שקיעה: 19:15
24 שעות half hour quarter hour
431
529
371
 זריחה:
 שקיעה:
8.3 גבוה 12:12
24 שעות half hour quarter hour
0.9
3.1
1.7
אבק
38±9 µg/m3 (PM10)
16±4 µg/m3 (PM2.5)
PM10 - מעל 130 לא בריא. מעל 300 לא מומלץ לעשות פעילות גופנית
PM2.5 - מעל 38 לא בריא. מעל 100 לא מומלץ לעשות פעילות גופנית
24 שעות 24 שעות half hour
9
4
0
כדאי לפתוח חלון
בפנים: 22.0
בחוץ: 24.1
המטרה של הדף הזה היא למזג את הבית כך שייתקרב כמה שיותר לתחושה הנוחה ביותר לנו.
זה כמובן אינדיבידואלי, לכן צריך לעשות כמה הנחות. ההנחה היא שהטמפרטורה האידיאלית בבית היא: 22
איך ההרגשה עכשיו עם הטמפרטורה הנוכחית?
מהי העונה החביבה עליך?
  • מדד הקור
  • העונה הכי טובה


                   MONTHLY CLIMATOLOGICAL SUMMARY for APR. 2019

NAME: Boaz Nechemia's Vantage Pro   CITY: Jerusalem   STATE: Israel 
ELEV:   745 m  LAT:  31 46' 09" N  LONG:  35 12' 07" E

                   TEMPERATURE (C), RAIN  (mm), WIND SPEED (km/hr)

                                      HEAT  COOL        AVG
    MEAN                              DEG   DEG         WIND                 DOM
DAY TEMP  HIGH   TIME   LOW    TIME   DAYS  DAYS  RAIN  SPEED HIGH   TIME    DIR
------------------------------------------------------------------------------------
 1   8.9  10.6   13:50   7.7    4:10   5.6   0.0   4.2  11.7  43.5    6:40     W
 2  10.9  14.6   16:40   7.4    6:40   3.6   0.0   0.0   7.6  35.4    0:10   WSW
 3  12.8  18.8   14:50   6.5    6:00   2.6   0.0   0.0   3.1  27.4   12:00     E
 4  14.4  20.0   13:00  10.9    7:10   1.4   0.0   0.0   3.9  20.9   16:10    NW
 5  12.7  16.6   14:50  10.1    4:00   2.2   0.0   0.0   7.2  24.1   18:20    NW
 6  14.6  19.6   15:00   8.8    5:10   1.6   0.0   0.0   2.6  32.2   23:40    SE
 7  18.9  23.1   13:50  13.9    4:50   0.0   0.0   0.0   5.1  29.0   15:10    NW
 8  17.7  23.3   13:40  13.9    5:20   0.1   0.0   0.0   6.0  37.0   21:00   WNW
 9  16.3  23.3   14:30  10.8    6:20   0.9   0.0   0.0   8.7  40.2   18:30   WNW
10  12.9  17.6   14:30   9.6    6:30   2.1   0.0   0.0   8.4  25.7    0:50    NW
11  13.1  19.1   15:40   8.1    6:20   2.4   0.0   0.0   5.3  25.7   16:50     N
12  15.3  22.2   15:20   9.9    6:40   1.4   0.0   0.0   3.9  24.1    4:20    SE
13  19.8  27.4   16:40  12.3    4:40   0.3   0.3   0.0   4.8  30.6   11:50    SE
14  17.8  23.1    5:10  12.0   22:50   0.3   0.0   0.0  14.3  53.1   13:10   WNW
15  14.4  21.4   11:40   9.8    3:40   1.2   0.0   1.2   6.0  30.6    0:10    NW
16  13.6  17.3   15:00  11.4   23:30   1.3   0.0   1.8   8.4  37.0   13:20    NW
17  12.5  15.6   12:50  10.6    6:10   2.1   0.0   0.0  13.8  43.5   14:50   WNW
18  11.9  16.1   14:10   9.3    6:30   2.7   0.0   0.0  11.4  40.2   20:20   WNW
19  11.4  15.3   14:30   9.0    4:40   3.2   0.0   0.0  14.0  48.3   17:20   WNW
20  11.1  13.9   12:10   9.3    6:00   3.4   0.0   0.0  11.1  35.4   13:10   WNW
21   8.9  11.2   12:40   7.0   14:00   5.6   0.0   6.0  19.5  61.2   15:30   WNW
22   9.7  13.2   14:40   7.2    4:00   4.8   0.0   0.0  12.2  37.0   10:10    NW
23  12.0  18.4   15:20   6.3    6:00   3.2   0.0   0.0   3.9  24.1   17:40     N
24  15.9  22.8   16:50   8.8    4:10   1.4   0.0   0.0   3.7  25.7   10:00    SE
25  19.1  25.2   16:50  12.8    4:20   0.2   0.0   0.0   3.4  19.3    8:50   NNE
26  19.2  24.6   14:50  14.8    6:20   0.0   0.0   0.0   4.5  24.1   10:50   ESE
27
28
29
30
-------------------------------------------------------------------------------------
    14.1  27.4    13     6.3    23    53.9   0.3  13.2   7.9  61.2    21     WNW

Max >=  32.0:  0
Max <=   0.0:  0
Min <=   0.0:  0
Min <= -18.0:  0
Max Rain: 5.99 ON 21/04/19
Days of Rain: 4 (> .2 mm) 2 (> 2 mm) 0 (> 20 mm)
Heat Base:  14.5  Cool Base:  25.0  Method: Integration
אימייל:
סיסמה:
אייקון:
 
 
 
 
 
 
 
 
 
 
 
 
 
 
 
 
 
 
 
 
 
 
 
שם לתצוגה:
שם רשמי:
קבלו התראות באימייל
מדד קור מותאם אישית(?)מדד הקור יוצג בהתאם להצבעות שלך בלבד



   זכור אותי

שכחתי סיסמה ››
אימייל: