תחנת מזג-אוויר עדכנית בי-ם   גובה 775 מ'   ד 4:31 29/03/17
אודות









10.8°c 9.4 בעמק
11.2
 גבוה 00:00
10.3
 נמוך 04:29
11 דק':
 0.2°c
24 שעות hour half hour
 0.9
 0.2
 0.2
10.8°c 9.4 בעמק
11.1
 גבוה 00:00
9.3
 נמוך 04:29
11 דק':
 0.1°c
24 שעות hour half hour
 0.5
 0.4
 0.3
87 גבוה 00:00     83 נמוך 04:19
11 דק': 0%
24 שעות hour half hour
 34
 2
 1
1,016.0 גבוה 00:01   1,015.2 נמוך 03:30
24 שעות half hour quarter hour
 0.2
 0.1
 0.1
0.0 גבוה 00:00
10 דק' ממוצע: 0.0 קשר
hour half hour quarter hour
0
0
0
 גבוה 00:00
24 שעות half hour quarter hour
0
0
0
0.0 גבוה 00:00
24 שעות half hour quarter hour
0
0
0
אבק
18±0 µg/m3 (PM10)
18±8 µg/m3 (PM2.5)
PM10 - מעל 130 לא בריא. מעל 300 לא מומלץ לעשות פעילות גופנית
PM2.5 - מעל 38 לא בריא. מעל 100 לא מומלץ לעשות פעילות גופנית
PM2.5 מסוכן יותר
איך ההרגשה עכשיו עם הטמפרטורה הנוכחית?


                   MONTHLY CLIMATOLOGICAL SUMMARY for MAR. 2017

NAME: Boaz Nechemia's Vantage Pro   CITY: Jerusalem   STATE: Israel 
ELEV:   745 m  LAT:  31 46' 09" N  LONG:  35 12' 07" E

                   TEMPERATURE (C), RAIN  (mm), WIND SPEED (kt)

                                      HEAT  COOL        AVG
    MEAN                              DEG   DEG         WIND                 DOM
DAY TEMP  HIGH   TIME   LOW    TIME   DAYS  DAYS  RAIN  SPEED HIGH   TIME    DIR
------------------------------------------------------------------------------------
 1  14.0  17.2    0:10  11.4   23:50   0.8   0.0   2.2   2.6  13.0    1:30    SE
 2  12.1  15.2   13:10  10.6   23:50   2.5   0.0   0.0   7.2  21.7   19:20   WNW
 3  10.7  12.7   13:50   9.3   23:00   3.8   0.0   0.4   6.5  21.7   17:00     W
 4  11.4  15.9   14:20   8.7   23:20   3.2   0.0   0.0   3.3  12.2    1:20    NW
 5  12.6  16.4   14:40   8.3    6:30   2.2   0.0   0.0   1.2  12.2    9:40   NNE
 6  14.6  20.1   16:40  10.4    6:20   1.2   0.0   0.0   2.3  15.7    8:30   ESE
 7  13.1  17.6   14:10   9.9    4:50   2.0   0.0   0.0   3.8  16.5   15:20    NW
 8  13.2  18.4   14:40   7.4    6:20   2.2   0.0   0.0   1.1   9.6   11:30    SE
 9  17.7  23.9   16:00  11.7    0:10   0.4   0.0   0.0   1.5  13.0    9:50    SE
10  14.4  18.4   16:50  10.2    6:20   1.0   0.0   2.4   2.7  18.3   10:40    NW
11  12.9  15.8   13:00  10.2    6:20   1.7   0.0   0.0   5.6  32.2   11:00     W
12  14.3  20.8   14:00  11.5   22:30   1.2   0.0   0.0   5.6  27.0   13:50   WNW
13  10.8  11.9   13:30   9.6   00:00   3.6   0.0   2.2   6.9  24.3    3:20     W
14  10.6  14.1   14:00   7.5    5:30   3.9   0.0   0.0   3.4  13.9   13:10    NW
15  10.5  16.7   12:50   6.7    5:30   4.2   0.0   0.4   4.8  25.2   19:10    NW
16   9.9  13.4   15:40   7.8    1:40   4.5   0.0   0.2   5.5  17.4   15:10   WNW
17  12.4  17.3   15:20   8.3    6:00   2.5   0.0   0.0   1.3   9.6    0:10    SW
18  17.1  22.7   14:30  11.8    6:00   0.6   0.0   0.0   1.3   9.6   15:00    SE
19  11.2  15.0    0:10   8.3   00:00   3.4   0.0   0.0   8.3  24.3   14:10    NW
20  10.3  14.2   14:30   7.7    6:00   4.2   0.0   0.0   6.8  20.0   18:10   WNW
21  12.6  18.3   14:50   9.6    0:10   2.4   0.0   0.0   1.3  10.4    0:50   WNW
22  14.5  20.3   14:00  11.1    1:00   1.2   0.0   0.0   1.2  14.8   15:10     W
23  14.7  19.9   10:30  11.5   00:00   1.0   0.0   0.2   4.4  18.3   13:40   NNW
24  12.6  17.4   14:10   9.4    5:00   2.3   0.0   0.0   3.9  15.7   17:00    NW
25  12.9  18.0   15:00   7.9    7:00   2.3   0.0   0.0   2.0  12.2   16:00   NNW
26  14.4  21.4   17:10   8.5    7:50   1.8   0.0   0.0   1.7  13.0   18:20   NNW
27  14.6  19.8   12:40  10.4   23:40   1.5   0.0   0.0   2.8  13.9   13:10    NW
28  13.6  19.5   15:10   8.6    4:00   2.1   0.0   0.0   2.6  13.9   17:00    NW
29  10.2  11.1    0:10   9.4    4:20   0.8   0.0   0.0   0.0   0.0     ---   ---
30
31
-------------------------------------------------------------------------------------
    12.9  23.9     9     6.7    15    64.7   0.0   8.0   3.5  32.2    11     WNW

Max >=  32.0:  0
Max <=   0.0:  0
Min <=   0.0:  0
Min <= -18.0:  0
Max Rain: 2.39 ON 10/03/17
Days of Rain: 7 (> .2 mm) 3 (> 2 mm) 0 (> 20 mm)
Heat Base:  14.5  Cool Base:  25.0  Method: Integration
אימייל:
סיסמה:
אייקון:
 
 
 
 
 
 
 
 
 
 
 
 
 
 
 
 
 
 
 
 
 
 
 
שם לתצוגה:
שם רשמי:
קבלו התראות באימייל



   זכור אותי

שכחתי סיסמה ››
אימייל: