תחנת מזג-אוויר עדכנית בי-ם   גובה 775 מ'   ד 7:03 22/08/18
אודות













מרגיש כמו 21.2 צל/שמש 20.4
צל
20°c
20°c  בהר
20.6
 גבוה 00:00
19.7
 נמוך 05:59
13 דק':
0.1°c
24 שעות hour half hour
0.2
0.3
0.2
20.2°c  בעמק
20.8
 גבוה 00:00
19.8
 נמוך 06:01
13 דק':
0.1°c
24 שעות hour half hour
0.3
0.4
0.3
22.5°c  בכביש
22.5
 גבוה 07:03
17.9
 נמוך 05:41
24 שעות hour half hour
2.8
4.3
3.8
94 גבוה 04:40     91 נמוך 00:00
13 דק': 0%
24 שעות hour half hour
0
1
1
18.7 גבוה 00:20     18.0 נמוך 05:59
13 דק':
0
24 שעות hour half hour
0.1
0.2
0.2
1,008.9 גבוה 06:56   1,007.5 נמוך 02:47
24 שעות half hour quarter hour
0.4
0.1
0.1
25.9 גבוה 00:44
10 דק' ממוצע: 4.3 קמש
hour half hour quarter hour
0
6.5
8
65 גבוה 06:58
24 שעות half hour quarter hour
15
44
23
0.0 גבוה 00:00
24 שעות half hour quarter hour
0
0
0
אבק
25±5 µg/m3 (PM10)
18±7 µg/m3 (PM2.5)
PM10 - מעל 130 לא בריא. מעל 300 לא מומלץ לעשות פעילות גופנית
PM2.5 - מעל 38 לא בריא. מעל 100 לא מומלץ לעשות פעילות גופנית
PM2.5 מסוכן יותר
24 שעות 24 שעות half hour
8
6
6
כדאי לפתוח חלון
בפנים: 24.6
בחוץ: 20
המטרה של הדף הזה היא למזג את הבית כך שייתקרב כמה שיותר לתחושה הנוחה ביותר לנו.
זה כמובן אינדיבידואלי, לכן צריך לעשות כמה הנחות. ההנחה היא שהטמפרטורה האידיאלית בבית היא: 22
איך ההרגשה עכשיו עם הטמפרטורה הנוכחית?
מהי העונה החביבה עליך?
  • מדד הקור
  • העונה הכי טובה


                   MONTHLY CLIMATOLOGICAL SUMMARY for AUG. 2018

NAME: Boaz Nechemia's Vantage Pro   CITY: Jerusalem   STATE: Israel 
ELEV:   745 m  LAT:  31 46' 09" N  LONG:  35 12' 07" E

                   TEMPERATURE (C), RAIN  (mm), WIND SPEED (km/hr)

                                      HEAT  COOL        AVG
    MEAN                              DEG   DEG         WIND                 DOM
DAY TEMP  HIGH   TIME   LOW    TIME   DAYS  DAYS  RAIN  SPEED HIGH   TIME    DIR
------------------------------------------------------------------------------------
 1  23.3  29.1   14:10  19.6    6:40   0.0   0.8   0.0   9.7  35.4   15:20    NW
 2  22.9  26.9   14:20  20.3    2:00   0.0   0.2   0.0  15.1  46.7   17:00   WNW
 3  24.1  29.9   13:40  21.2    6:10   0.0   0.9   0.0  13.2  38.6   16:50   WNW
 4  24.7  31.6   14:10  20.3    6:20   0.0   1.5   0.0   8.5  25.7   18:10    NW
 5  24.5  31.1   14:40  19.6    6:00   0.0   1.5   0.0   8.0  29.0   18:20    NW
 6  24.0  30.0   15:40  19.4    5:20   0.0   1.3   0.0   8.5  27.4   18:50    NW
 7  23.2  28.4   15:30  19.8    5:50   0.0   0.6   0.0  10.3  33.8   17:10    NW
 8  23.7  28.5   15:00  20.4    5:00   0.0   0.8   0.0  11.3  32.2   13:10    NW
 9  24.7  31.0   14:10  20.1    6:30   0.0   1.6   0.0   9.0  29.0   13:30    NW
10  25.7  31.7   14:00  21.2    1:40   0.0   1.9   0.0   8.7  32.2   13:50    NW
11  26.1  32.2   14:10  20.6    5:40   0.0   2.3   0.0   6.8  30.6   15:00    NW
12  25.7  30.5   15:40  21.8    1:00   0.0   1.7   0.0   8.0  30.6   16:20    NW
13  23.6  28.4   13:30  20.6   00:00   0.0   0.7   0.0  12.2  48.3   15:50   WNW
14  22.7  27.8   15:10  19.2    5:20   0.0   0.5   0.0  12.1  35.4   11:00    NW
15  23.5  29.9   15:00  19.4    5:30   0.0   1.0   0.0  10.0  30.6   15:40    NW
16  24.0  30.6   15:20  19.4    5:40   0.0   1.4   0.0   7.7  29.0   18:10    NW
17  23.4  29.8   14:30  19.4    4:10   0.0   1.1   0.0  10.1  29.0   15:40    NW
18  23.1  28.7   13:40  19.6    6:30   0.0   0.7   0.0  11.7  32.2   13:50    NW
19  23.2  29.1   14:30  19.7    6:10   0.0   0.8   0.0  10.5  29.0   15:10    NW
20  23.8  30.8   15:10  18.9    6:40   0.0   1.3   0.0   6.9  25.7   15:20    NW
21  24.0  30.6   14:50  19.7    6:40   0.0   1.3   0.0   8.4  29.0   17:50    NW
22  20.2  20.8    0:10  19.8    6:10   0.0   0.0   0.0   8.0  24.1    0:50   NNW
23
24
25
26
27
28
29
30
31
-------------------------------------------------------------------------------------
    23.8  32.2    11    18.9    20     0.0  24.0   0.0   9.8  48.3    13      NW

Max >=  32.0:  1
Max <=   0.0:  0
Min <=   0.0:  0
Min <= -18.0:  0
Max Rain: 0.00 ON 01/08/18
Days of Rain: 0 (> .2 mm) 0 (> 2 mm) 0 (> 20 mm)
Heat Base:  14.5  Cool Base:  25.0  Method: Integration
אימייל:
סיסמה:
אייקון:
 
 
 
 
 
 
 
 
 
 
 
 
 
 
 
 
 
 
 
 
 
 
 
שם לתצוגה:
שם רשמי:
קבלו התראות באימייל
מדד קור מותאם אישית(?)מדד הקור יוצג בהתאם להצבעות שלך בלבד



   זכור אותי

שכחתי סיסמה ››
אימייל: