תחנת מזג-אוויר עדכנית בי-ם   גובה 775 מ'   ב 11:55 24/06/19
אודות














מרגיש כמו 37.1 בצל/שמש 28.7
28.9°c
28.9°c  בהר
29.2
 גבוה 11:26
19.9
 נמוך 01:37
15 דק':
0.2
°c
24 שע' hour half hour
1.1
0.9
0.2
30.3°c  בעמק
30.3
 גבוה 11:41
19.9
 נמוך 01:47
15 דק': 0.0°c
24 שע' hour half hour
1.5
0.8
0.7
--°c  בכביש
15.1
 גבוה 00:00
15.1
 נמוך 00:00
24 שע' hour half hour
0.0
15.1
15.1
87 גבוה 01:26     45 נמוך 11:14
15 דק': 0%
24 שע' hour half hour
2
0
1
17.3 גבוה 01:04     14.4 נמוך 07:59
24 שע' hour half hour
1
0.8
0.5
1,008.6 גבוה 10:23   1,007.7 נמוך 02:04
24 שע' half hour quarter hour
0.1
0.0
0.0
19.4 גבוה 02:40
10 דק' ממוצע: 8 קמש
hour half hour quarter hour
5
7
5
940 גבוה 11:52
4 שעות שמש עד עכשיו
זריחה: 05:35   שקיעה: 19:48
24 שע' half hour quarter hour
6
26
8
 זריחה:
 שקיעה:
9.7 גבוה 11:47
24 שע' half hour quarter hour
0.1
0.5
0.1
אבק
34±29 µg/m3 (PM10)
19±2 µg/m3 (PM2.5)
PM10 - מעל 130 לא בריא. מעל 300 לא מומלץ לעשות פעילות גופנית
PM2.5 - מעל 38 לא בריא. מעל 100 לא מומלץ לעשות פעילות גופנית
24 שע' 24 שע' half hour
16
1
4
כדאי לסגור חלון
בפנים: 26.6
בחוץ: 28.9
המטרה של הדף הזה היא למזג את הבית כך שייתקרב כמה שיותר לתחושה הנוחה ביותר לנו.
זה כמובן אינדיבידואלי, לכן צריך לעשות כמה הנחות. ההנחה היא שהטמפרטורה האידיאלית בבית היא: 22
איך ההרגשה עכשיו עם הטמפרטורה הנוכחית?
מהי העונה החביבה עליך?


                   MONTHLY CLIMATOLOGICAL SUMMARY for JUN. 2019

NAME: Boaz Nechemia's Vantage Pro   CITY: Jerusalem   STATE: Israel 
ELEV:   745 m  LAT:  31 46' 09" N  LONG:  35 12' 07" E

                   TEMPERATURE (C), RAIN  (mm), WIND SPEED (km/hr)

                                      HEAT  COOL        AVG
    MEAN                              DEG   DEG         WIND                 DOM
DAY TEMP  HIGH   TIME   LOW    TIME   DAYS  DAYS  RAIN  SPEED HIGH   TIME    DIR
------------------------------------------------------------------------------------
 1  26.0  30.9   12:10  21.6    6:00   0.0   2.0   0.0  10.1  35.4   15:50   NNW
 2  25.7  31.6   14:50  19.4    6:00   0.0   2.0   0.0  10.0  33.8   17:30   NNW
 3  27.3  32.8   14:10  21.6    2:10   0.0   2.8   0.0   8.7  30.6   19:20     N
 4  27.9  32.7   15:40  24.6   20:50   0.0   2.9   0.0   9.5  45.1   18:00   NNE
 5  28.6  34.7   13:10  23.4    5:00   0.0   3.8   0.0   6.9  38.6   20:10     N
 6  28.0  33.1   12:50  24.8    6:20   0.0   3.0   0.0   6.3  29.0   16:40   NNW
 7  25.4  30.0   14:20  19.6   00:00   0.0   1.5   0.0   9.3  43.5   18:10   NNW
 8  20.8  26.4   13:30  17.8   23:40   0.0   0.1   0.0  10.0  32.2   15:40    NW
 9  21.9  28.6   14:10  16.7    5:00   0.0   0.6   0.0   6.8  25.7   15:20    NW
10  24.9  30.3   14:40  19.6    6:40   0.0   1.4   0.0  10.6  33.8   21:20    NW
11  26.6  32.4   14:20  20.1    6:00   0.0   2.7   0.0   7.1  37.0   13:00    NW
12  23.7  28.7   13:10  18.2   00:00   0.0   0.7   0.0   9.3  37.0   17:00    NW
13  20.6  24.9   13:00  17.9    0:40   0.0   0.0   0.0  10.6  33.8   17:50    NW
14  21.3  26.4   15:30  17.1    6:00   0.0   0.1   0.0   6.3  27.4   17:30    NW
15  22.4  28.1   13:50  17.0    5:50   0.0   0.6   0.0   6.1  27.4   15:10    NW
16  23.5  29.3   13:50  17.8    6:00   0.0   0.9   0.0   7.2  33.8   15:30    NW
17  22.5  26.7   13:00  18.8    5:50   0.0   0.2   0.0  11.3  40.2   14:40    NW
18  22.2  27.6   14:30  17.9    5:30   0.0   0.3   0.0   8.7  35.4   15:00    NW
19  23.2  28.2   15:30  18.3    6:00   0.0   0.7   0.0   8.9  37.0   14:50    NW
20  23.3  28.9   14:20  18.6    1:30   0.0   0.9   0.0   9.7  32.2   14:00    NW
21  23.1  28.5   13:30  18.6    5:00   0.0   0.7   0.0  10.0  38.6   17:10    NW
22  22.1  27.9   14:10  17.7    6:00   0.0   0.5   0.2   8.4  27.4   18:10    NW
23  23.7  30.9   15:20  17.4    6:10   0.0   1.4   0.0   6.1  25.7   16:50    NW
24  23.0  30.1   11:40  19.9    1:50   0.0   0.4   0.0   5.5  19.3    7:50     N
25
26
27
28
29
30
-------------------------------------------------------------------------------------
    24.1  34.7     5    16.7     9     0.0  30.1   0.2   8.5  45.1     4      NW

Max >=  32.0:  5
Max <=   0.0:  0
Min <=   0.0:  0
Min <= -18.0:  0
Max Rain: 0.20 ON 22/06/19
Days of Rain: 1 (> .2 mm) 0 (> 2 mm) 0 (> 20 mm)
Heat Base:  14.5  Cool Base:  25.0  Method: Integration
אימייל:
סיסמה:
אייקון:
 
 
 
 
 
 
 
 
 
 
 
 
 
 
 
 
 
 
 
 
 
 
 
שם לתצוגה:
שם רשמי:
קבלו התראות באימייל
מדד קור מותאם אישית(?)מדד הקור יוצג בהתאם להצבעות שלך בלבד



   זכור אותי

שכחתי סיסמה ››
אימייל: