תחנת מזג-אוויר עדכנית בי-ם   גובה 775 מ'   ג 21:35 14/07/20
אודות
















מרגיש כמו 24
22.9
°
C
22.9
°
C  בהר
30.9
 גבוה 14:14
18.7
 נמוך 06:02
15 דק':
0.2
24 שע' hour half hour
1.8
0.9
0.4
23.5
°
C  בעמק
32.1
 גבוה 14:32
19.2
 נמוך 04:54
15 דק':
0.2
24 שע' hour half hour
1.4
1
0.5
22.6
°
C  בכביש
58.2
 גבוה 14:24
15.3
 נמוך 05:31
24 שע' hour half hour
1.4
1.6
0.7
92
 גבוה
 02:00     
44
 נמוך
 10:24
15 דק':
1%
24 שע' hour half hour
4
4
2
20.6
 גבוה
 17:06     
12.1
 נמוך
 09:12
24 שע' hour half hour
0.7
0.2
0.2
1,006.3
 גבוה
 21:24   
1,003.0
 נמוך
 03:35
24 שע' half hour quarter hour
0.2
0.1
0.0
25.9
 גבוה
 13:11
10 דק' ממוצע: 4 קמש
hour half hour quarter hour
2
0
0
0.0
 גבוה
 00:00
גשם היום מחצות: 0.2  
סה'כ עונתי: 661.8 מ''מ
hour half hour quarter hour
0
0
0
976
 גבוה
 12:39
10 שעות שמש עד עכשיו
זריחה: 05:44   שקיעה: 19:46
24 שע' half hour quarter hour
0
0
0
 זריחה:
 שקיעה:
11.0
 גבוה
 12:40
24 שע' half hour quarter hour
0
0
0
אבק
    • לא בריא
    • לא לעשות ספורט
    • אבק גדול
    • 65 µg/m3
    • +130
    • +300
    • אבק קטן
    • 16 µg/m3
    • +38
    • +100
  • הקטן יותר מסוכן
24 שע' 24 שע' half hour
17
12
1
כדאי לפתוח חלון
בפנים: 27.8
בחוץ: 22.9
המטרה של הדף הזה היא למזג את הבית כך שייתקרב כמה שיותר לתחושה הנוחה ביותר לנו.
זה כמובן אינדיבידואלי, לכן צריך לעשות כמה הנחות. ההנחה היא שהטמפרטורה האידיאלית בבית היא: 22
איך ההרגשה עכשיו עם הטמפרטורה הנוכחית?
מהי העונה החביבה עליך?


                   MONTHLY CLIMATOLOGICAL SUMMARY for JUL. 2020

NAME: Boaz Nechemia's Vantage Pro   CITY: Jerusalem   STATE: Israel 
ELEV:   745 m  LAT:  31 46' 09" N  LONG:  35 12' 07" E

                   TEMPERATURE (C), RAIN  (mm), WIND SPEED (km/hr)

                                      HEAT  COOL        AVG
    MEAN                              DEG   DEG         WIND                 DOM
DAY TEMP  HIGH   TIME   LOW    TIME   DAYS  DAYS  RAIN  SPEED HIGH   TIME    DIR
------------------------------------------------------------------------------------
 1  23.2  29.6   13:40  17.2    5:50   0.0   1.1   0.0   9.2  33.8   15:10    NW
 2  25.2  31.4   15:00  20.1    5:40   0.0   1.7   0.0   7.6  27.4   17:20    NW
 3  26.7  33.8   15:00  19.9    6:00   0.0   2.8   0.0   6.8  32.2   18:10    NW
 4  25.5  30.1   13:40  21.0    5:50   0.0   1.6   0.0  10.0  37.0   16:50   NNW
 5  24.3  29.4   14:50  20.3   00:00   0.0   1.0   0.0  11.1  38.6   14:10    NW
 6  23.3  28.2   14:10  20.2    0:40   0.0   0.6   0.0  13.4  38.6   14:20   WNW
 7  23.6  29.8   14:10  19.4    6:30   0.0   1.1   0.0  11.9  40.2   16:50    NW
 8  24.1  28.7   13:40  19.7    6:40   0.0   1.1   0.0  10.1  38.6   17:40    NW
 9  22.8  27.8   13:50  19.2    6:10   0.0   0.4   0.0   8.9  32.2   16:50   NNW
10  23.4  29.4   14:20  18.7    6:40   0.0   1.0   0.0   7.1  27.4   15:30    NW
11  23.6  29.7   13:50  18.2    4:30   0.0   1.1   0.0   8.4  30.6   16:30    NW
12  23.6  29.1   14:30  19.3    5:10   0.0   1.0   0.0  10.6  33.8   15:00    NW
13  23.6  29.4   14:00  18.7    6:20   0.0   1.0   0.0  10.1  30.6   15:50    NW
14  25.2  32.1   14:40  19.2    5:00   0.0   2.0   0.0   6.3  24.1   13:20   WNW
15
16
17
18
19
20
21
22
23
24
25
26
27
28
29
30
31
-------------------------------------------------------------------------------------
    24.1  33.8     3    17.2     1     0.0  17.4   0.0   9.4  40.2     7      NW

Max >=  32.0:  2
Max <=   0.0:  0
Min <=   0.0:  0
Min <= -18.0:  0
Max Rain: 0.00 ON 01/07/20
Days of Rain: 0 (> .2 mm) 0 (> 2 mm) 0 (> 20 mm)
Heat Base:  14.5  Cool Base:  25.0  Method: Integration
אימייל:
סיסמה:
אייקון:
 
 
 
 
 
 
 
 
 
 
 
 
 
 
 
 
 
 
 
 
 
 
 
שם לתצוגה:
שם רשמי:
קבלו התראות באימייל
מדד קור מותאם אישית(?)מדד הקור יוצג בהתאם להצבעות שלך בלבד



   זכור אותי

שכחתי סיסמה ››
אימייל: