תחנת מזג-אוויר עדכנית בי-ם   גובה 775 מ'   ב 2:06 25/09/17
אודות











18°c
18°c  בהר
18.1
 גבוה 00:00
17.8
 נמוך 02:02
16 דק':
0.2°c
24 שעות hour half hour
0.3
0.2
0.2
18.0°c  בעמק
18.3
 גבוה 00:00
17.9
 נמוך 02:02
16 דק': 0.0°c
24 שעות hour half hour
0.6
0.2
0.2
90 גבוה 01:15     88 נמוך 00:00
16 דק': 0%
24 שעות hour half hour
4
0
1
16.5 גבוה 01:16     16.1 נמוך 02:02
16 דק':
0
24 שעות hour half hour
0
0.3
0.5
1,013.0 גבוה 00:00   1,012.4 נמוך 01:57
24 שעות half hour quarter hour
0.2
0.0
0.1
8.7 גבוה 01:53
10 דק' ממוצע: 3.8 קשר
hour half hour quarter hour
1.7
4.3
3.5
 גבוה 00:00
24 שעות half hour quarter hour
0
0
0
0.0 גבוה 00:00
24 שעות half hour quarter hour
0
0
0
אבק
0±0 µg/m3 (PM10)
6±8 µg/m3 (PM2.5)
PM10 - מעל 130 לא בריא. מעל 300 לא מומלץ לעשות פעילות גופנית
PM2.5 - מעל 38 לא בריא. מעל 100 לא מומלץ לעשות פעילות גופנית
PM2.5 מסוכן יותר
איך ההרגשה עכשיו עם הטמפרטורה הנוכחית?
מהי העונה החביבה עליך?
  • מדד הקור
  • העונה הכי טובה


                   MONTHLY CLIMATOLOGICAL SUMMARY for SEP. 2017

NAME: Boaz Nechemia's Vantage Pro   CITY: Jerusalem   STATE: Israel 
ELEV:   745 m  LAT:  31 46' 09" N  LONG:  35 12' 07" E

                   TEMPERATURE (C), RAIN  (mm), WIND SPEED (kt)

                                      HEAT  COOL        AVG
    MEAN                              DEG   DEG         WIND                 DOM
DAY TEMP  HIGH   TIME   LOW    TIME   DAYS  DAYS  RAIN  SPEED HIGH   TIME    DIR
------------------------------------------------------------------------------------
 1  22.5  28.4   15:00  18.6    5:10   0.0   0.5   0.0   1.7  16.5   14:50   NNW
 2  24.3  31.0   14:40  19.5    6:20   0.0   1.4   0.2   4.1  15.7   18:50   NNW
 3  25.8  33.5   14:50  19.8    6:10   0.0   2.3   0.0   3.7  13.9   17:50   NNW
 4  25.1  31.5   14:50  21.3   00:00   0.0   1.6   0.0   3.7  13.9   16:00   WNW
 5  25.2  31.6   14:10  18.5    5:10   0.0   2.0   0.2   3.6  13.9   17:00   WNW
 6  23.1  28.7   14:40  19.4   00:00   0.0   0.7   0.0   6.6  22.6   17:20    NW
 7  22.7  29.3   14:20  18.7    5:00   0.0   0.8   0.2   4.3  13.9    1:30    NW
 8  25.1  35.0   15:20  17.1    6:20   0.0   2.4   0.0   1.9  12.2   15:30    NW
 9  25.7  32.8   13:30  20.3    6:50   0.0   2.2   0.0   2.6  14.8   18:10    NW
10  25.7  33.7   14:50  20.1    7:00   0.0   2.4   0.2   2.7  11.3   14:50    NW
11  27.2  35.4   15:00  20.3    6:30   0.0   3.3   0.0   1.6  10.4   15:10    NW
12  28.5  35.8   14:10  21.6    7:00   0.0   4.2   0.0   2.1  12.2   14:10   NNW
13  28.3  34.7   13:40  22.8    6:10   0.0   3.7   0.0   3.1  14.8   17:40   NNW
14  26.6  32.4   14:20  21.6   23:50   0.0   2.2   0.0   4.4  15.7   16:20   NNW
15  23.2  29.0   15:10  20.4   23:40   0.0   0.5   0.0   4.3  15.7   15:40   WNW
16  22.2  28.2   14:10  18.9    6:20   0.0   0.4   0.0   4.4  14.8   14:20   WNW
17  22.7  30.1   15:30  18.3    6:10   0.0   1.0   0.2   3.5  13.0   13:50   WNW
18  23.9  30.8   15:10  18.3    2:40   0.0   1.4   0.0   2.1  15.7   16:40   WNW
19  23.9  29.9   13:50  19.7    6:50   0.0   1.1   0.0   3.6  16.5   15:30   WNW
20  22.2  26.4   16:30  18.9    6:50   0.0   0.1   0.0   4.5  14.8    0:40   WNW
21  23.9  29.9   13:50  17.9    6:40   0.0   1.1   0.0   4.6  18.3   15:20    NW
22  22.8  29.3   13:50  19.2   23:30   0.0   0.7   0.2   4.4  14.8   15:00    NW
23  21.2  26.8   15:20  18.2   23:40   0.0   0.2   0.0   4.5  14.8    0:50    NW
24  20.5  25.5   15:00  17.3    6:40   0.0   0.0   0.0   4.7  18.3   17:10    NW
25  18.2  18.3    0:10  18.0    1:50   0.0   0.0   0.0   2.4   8.7    2:00    NW
26
27
28
29
30
-------------------------------------------------------------------------------------
    24.0  35.8    12    17.1     8     0.0  36.3   1.2   3.6  22.6     6      NW

Max >=  32.0:  8
Max <=   0.0:  0
Min <=   0.0:  0
Min <= -18.0:  0
Max Rain: 0.20 ON 02/09/17
Days of Rain: 6 (> .2 mm) 0 (> 2 mm) 0 (> 20 mm)
Heat Base:  14.5  Cool Base:  25.0  Method: Integration
אימייל:
סיסמה:
אייקון:
 
 
 
 
 
 
 
 
 
 
 
 
 
 
 
 
 
 
 
 
 
 
 
שם לתצוגה:
שם רשמי:
קבלו התראות באימייל
מדד קור מותאם אישית(?)מדד הקור יוצג בהתאם להצבעות שלך בלבד



   זכור אותי

שכחתי סיסמה ››
אימייל: